{"id":3934,"date":"2023-08-13T22:33:05","date_gmt":"2023-08-13T20:33:05","guid":{"rendered":"http:\/\/localhost\/KidsTheme\/?page_id=3934"},"modified":"2023-08-16T00:45:35","modified_gmt":"2023-08-15T22:45:35","slug":"orphelinat-segbana","status":"publish","type":"page","link":"https:\/\/seoed.org\/index.php\/orphelinat-segbana\/","title":{"rendered":"Orphelinat Segbana"},"content":{"rendered":"\t\t<div data-elementor-type=\"wp-page\" data-elementor-id=\"3934\" class=\"elementor elementor-3934\">\n\t\t\t\t\t\t\t\t\t<section class=\"elementor-section elementor-top-section elementor-element elementor-element-250d76a elementor-section-boxed elementor-section-height-default elementor-section-height-default\" data-id=\"250d76a\" data-element_type=\"section\">\n\t\t\t\t\t\t<div class=\"elementor-container elementor-column-gap-default\">\n\t\t\t\t\t<div class=\"elementor-column elementor-col-100 elementor-top-column elementor-element elementor-element-448114d\" data-id=\"448114d\" data-element_type=\"column\">\n\t\t\t<div class=\"elementor-widget-wrap elementor-element-populated\">\n\t\t\t\t\t\t\t\t<div class=\"elementor-element elementor-element-a4db378 elementor-widget elementor-widget-heading\" data-id=\"a4db378\" data-element_type=\"widget\" data-widget_type=\"heading.default\">\n\t\t\t\t<div class=\"elementor-widget-container\">\n\t\t\t<style>\/*! elementor - v3.15.0 - 09-08-2023 *\/\n.elementor-heading-title{padding:0;margin:0;line-height:1}.elementor-widget-heading .elementor-heading-title[class*=elementor-size-]>a{color:inherit;font-size:inherit;line-height:inherit}.elementor-widget-heading .elementor-heading-title.elementor-size-small{font-size:15px}.elementor-widget-heading .elementor-heading-title.elementor-size-medium{font-size:19px}.elementor-widget-heading .elementor-heading-title.elementor-size-large{font-size:29px}.elementor-widget-heading .elementor-heading-title.elementor-size-xl{font-size:39px}.elementor-widget-heading .elementor-heading-title.elementor-size-xxl{font-size:59px}<\/style><h2 class=\"elementor-heading-title elementor-size-default\">Orphelinat Segbana<\/h2>\t\t<\/div>\n\t\t\t\t<\/div>\n\t\t\t\t\t<\/div>\n\t\t<\/div>\n\t\t\t\t\t\t\t<\/div>\n\t\t<\/section>\n\t\t\t\t<section class=\"elementor-section elementor-top-section elementor-element elementor-element-e964525 elementor-section-boxed elementor-section-height-default elementor-section-height-default\" data-id=\"e964525\" data-element_type=\"section\">\n\t\t\t\t\t\t<div class=\"elementor-container elementor-column-gap-default\">\n\t\t\t\t\t<div class=\"elementor-column elementor-col-100 elementor-top-column elementor-element elementor-element-d8f848a\" data-id=\"d8f848a\" data-element_type=\"column\">\n\t\t\t<div class=\"elementor-widget-wrap elementor-element-populated\">\n\t\t\t\t\t\t\t\t<div class=\"elementor-element elementor-element-5df912d elementor-widget elementor-widget-text-editor\" data-id=\"5df912d\" data-element_type=\"widget\" data-widget_type=\"text-editor.default\">\n\t\t\t\t<div class=\"elementor-widget-container\">\n\t\t\t<style>\/*! elementor - v3.15.0 - 09-08-2023 *\/\n.elementor-widget-text-editor.elementor-drop-cap-view-stacked .elementor-drop-cap{background-color:#69727d;color:#fff}.elementor-widget-text-editor.elementor-drop-cap-view-framed .elementor-drop-cap{color:#69727d;border:3px solid;background-color:transparent}.elementor-widget-text-editor:not(.elementor-drop-cap-view-default) .elementor-drop-cap{margin-top:8px}.elementor-widget-text-editor:not(.elementor-drop-cap-view-default) .elementor-drop-cap-letter{width:1em;height:1em}.elementor-widget-text-editor .elementor-drop-cap{float:left;text-align:center;line-height:1;font-size:50px}.elementor-widget-text-editor .elementor-drop-cap-letter{display:inline-block}<\/style>\t\t\t\t<p>Bienvenue au centre d\u2019Accueil et de Protection M\u00e8re Marie de J\u00e9sus de S\u00e9gbana, situ\u00e9 dans le quartier de Toumbou. Notre \u00e9tablissement accueille actuellement 14 enfants internes et 6 enfants externes, \u00e2g\u00e9s de 12 ans \u00e0 18 ans. Notre mission principale est de s&#8217;occuper des filles en situations difficiles, victimes de mariages forc\u00e9s ou de grossesses pr\u00e9coces.<\/p>\n<p><span style=\"color: var( --e-global-color-text ); font-family: var( --e-global-typography-text-font-family ), Sans-serif; font-weight: var( --e-global-typography-text-font-weight );\">Notre objectif est de prendre en charge les frais d&#8217;apprentissage des enfants, les frais scolaires qui en d\u00e9coulent tels que les uniformes. Nous prenons \u00e9galement en compte le petit d\u00e9jeuner, le d\u00e9jeuner et le d\u00eener des enfants, et si possible le go\u00fbter.<\/span><\/p>\n<p><span style=\"color: var( --e-global-color-text ); font-family: var( --e-global-typography-text-font-family ), Sans-serif; font-weight: var( --e-global-typography-text-font-weight );\">Nous manquons malheureusement de ressources essentielles telles que le savon pour lessive, le savon pour l&#8217;hygi\u00e8ne corporelle, serviettes p\u00e9riodiques ou encore les v\u00eatements. De plus, nous ne b\u00e9n\u00e9ficions d&#8217;aucun suivi m\u00e9dical ni d&#8217;aide pour les frais m\u00e9dicaux, notamment pour les probl\u00e9matiques menstruelles, ce qui constitue une pr\u00e9occupation majeure pour nous.<\/span><\/p>\n<p><span style=\"color: var( --e-global-color-text ); font-family: var( --e-global-typography-text-font-family ), Sans-serif; font-weight: var( --e-global-typography-text-font-weight );\">Afin d&#8217;entretenir nos locaux, nous avons des charges mensuelles d&#8217;\u00e9lectricit\u00e9, et nous essayons d&#8217;autre part d&#8217;obtenir l&#8217;aide d&#8217;une personne sp\u00e9cialis\u00e9e en ressources humaines ainsi que d&#8217;une assistante sociale. Enfin, nous avons besoin de refaire le dortoir des enfants, le b\u00e2timent principal, et la cl\u00f4ture du jardin.<\/span><\/p>\n<p><span style=\"color: var( --e-global-color-text ); font-family: var( --e-global-typography-text-font-family ), Sans-serif; font-weight: var( --e-global-typography-text-font-weight );\">En ce qui concerne nos projets afin de gagner en autonomie, nous souhaitons r\u00e9nover notre boutique, nous lancer dans l&#8217;agriculture et vendre des l\u00e9gumes. Nous souhaitons construire 3 chambres et des sanitaires dans le but de les louer. De plus, nous avons besoin urgent d&#8217;une moto pour faciliter les d\u00e9placements et les courses n\u00e9cessaires pour le bon fonctionnement de l&#8217;orphelinat.<\/span><\/p>\n<p><span style=\"color: var( --e-global-color-text ); font-family: var( --e-global-typography-text-font-family ), Sans-serif; font-weight: var( --e-global-typography-text-font-weight );\">Au sein de notre orphelinat, nous rencontrons certaines difficult\u00e9s financi\u00e8res, m\u00eame si nous pouvons compter sur l&#8217;association MERANO, qui nous apporte chaque ann\u00e9e une aide num\u00e9raire.&nbsp;<\/span><\/p>\n<p>Nous lan\u00e7ons donc un appel \u00e0 votre g\u00e9n\u00e9rosit\u00e9 et \u00e0 votre soutien pour nous aider \u00e0 am\u00e9liorer la vie de ces enfants. Toute contribution, qu&#8217;elle soit financi\u00e8re ou mat\u00e9rielle, fera une r\u00e9elle diff\u00e9rence dans leur vie. Ensemble, nous pouvons offrir \u00e0 ces enfants un meilleur avenir et leur donner la chance qu&#8217;ils m\u00e9ritent. Merci d&#8217;avance pour votre aide pr\u00e9cieuse !<\/p>\t\t\t\t\t\t<\/div>\n\t\t\t\t<\/div>\n\t\t\t\t\t<\/div>\n\t\t<\/div>\n\t\t\t\t\t\t\t<\/div>\n\t\t<\/section>\n\t\t\t\t\t\t\t<\/div>\n\t\t","protected":false},"excerpt":{"rendered":"<p>Orphelinat Segbana Bienvenue au centre d\u2019Accueil et de Protection M\u00e8re Marie de J\u00e9sus de S\u00e9gbana, situ\u00e9 dans le quartier de Toumbou. Notre \u00e9tablissement accueille actuellement 14 enfants internes et 6 [&hellip;]<\/p>\n","protected":false},"author":2,"featured_media":0,"parent":0,"menu_order":0,"comment_status":"closed","ping_status":"closed","template":"","meta":{"content-type":"","footnotes":""},"class_list":["post-3934","page","type-page","status-publish","hentry"],"_links":{"self":[{"href":"https:\/\/seoed.org\/index.php\/wp-json\/wp\/v2\/pages\/3934","targetHints":{"allow":["GET"]}}],"collection":[{"href":"https:\/\/seoed.org\/index.php\/wp-json\/wp\/v2\/pages"}],"about":[{"href":"https:\/\/seoed.org\/index.php\/wp-json\/wp\/v2\/types\/page"}],"author":[{"embeddable":true,"href":"https:\/\/seoed.org\/index.php\/wp-json\/wp\/v2\/users\/2"}],"replies":[{"embeddable":true,"href":"https:\/\/seoed.org\/index.php\/wp-json\/wp\/v2\/comments?post=3934"}],"version-history":[{"count":9,"href":"https:\/\/seoed.org\/index.php\/wp-json\/wp\/v2\/pages\/3934\/revisions"}],"predecessor-version":[{"id":5061,"href":"https:\/\/seoed.org\/index.php\/wp-json\/wp\/v2\/pages\/3934\/revisions\/5061"}],"wp:attachment":[{"href":"https:\/\/seoed.org\/index.php\/wp-json\/wp\/v2\/media?parent=3934"}],"curies":[{"name":"wp","href":"https:\/\/api.w.org\/{rel}","templated":true}]}}

<div data-elementor-type="wp-page" data-elementor-id="3934" class="elementor elementor-3934">
									<section class="elementor-section elementor-top-section elementor-element elementor-element-250d76a elementor-section-boxed elementor-section-height-default elementor-section-height-default" data-id="250d76a" data-element_type="section">
						<div class="elementor-container elementor-column-gap-default">
					<div class="elementor-column elementor-col-100 elementor-top-column elementor-element elementor-element-448114d" data-id="448114d" data-element_type="column">
			<div class="elementor-widget-wrap elementor-element-populated">
								<div class="elementor-element elementor-element-a4db378 elementor-widget elementor-widget-heading" data-id="a4db378" data-element_type="widget" data-widget_type="heading.default">
				<div class="elementor-widget-container">
			<style>/*! elementor - v3.15.0 - 09-08-2023 */
.elementor-heading-title{padding:0;margin:0;line-height:1}.elementor-widget-heading .elementor-heading-title[class*=elementor-size-]>a{color:inherit;font-size:inherit;line-height:inherit}.elementor-widget-heading .elementor-heading-title.elementor-size-small{font-size:15px}.elementor-widget-heading .elementor-heading-title.elementor-size-medium{font-size:19px}.elementor-widget-heading .elementor-heading-title.elementor-size-large{font-size:29px}.elementor-widget-heading .elementor-heading-title.elementor-size-xl{font-size:39px}.elementor-widget-heading .elementor-heading-title.elementor-size-xxl{font-size:59px}</style><h2 class="elementor-heading-title elementor-size-default">Orphelinat Segbana</h2>		</div>
				</div>
					</div>
		</div>
							</div>
		</section>
				<section class="elementor-section elementor-top-section elementor-element elementor-element-e964525 elementor-section-boxed elementor-section-height-default elementor-section-height-default" data-id="e964525" data-element_type="section">
						<div class="elementor-container elementor-column-gap-default">
					<div class="elementor-column elementor-col-100 elementor-top-column elementor-element elementor-element-d8f848a" data-id="d8f848a" data-element_type="column">
			<div class="elementor-widget-wrap elementor-element-populated">
								<div class="elementor-element elementor-element-5df912d elementor-widget elementor-widget-text-editor" data-id="5df912d" data-element_type="widget" data-widget_type="text-editor.default">
				<div class="elementor-widget-container">
			<style>/*! elementor - v3.15.0 - 09-08-2023 */
.elementor-widget-text-editor.elementor-drop-cap-view-stacked .elementor-drop-cap{background-color:#69727d;color:#fff}.elementor-widget-text-editor.elementor-drop-cap-view-framed .elementor-drop-cap{color:#69727d;border:3px solid;background-color:transparent}.elementor-widget-text-editor:not(.elementor-drop-cap-view-default) .elementor-drop-cap{margin-top:8px}.elementor-widget-text-editor:not(.elementor-drop-cap-view-default) .elementor-drop-cap-letter{width:1em;height:1em}.elementor-widget-text-editor .elementor-drop-cap{float:left;text-align:center;line-height:1;font-size:50px}.elementor-widget-text-editor .elementor-drop-cap-letter{display:inline-block}</style>				<p>Bienvenue au centre d’Accueil et de Protection Mère Marie de Jésus de Ségbana, situé dans le quartier de Toumbou. Notre établissement accueille actuellement 14 enfants internes et 6 enfants externes, âgés de 12 ans à 18 ans. Notre mission principale est de s&#8217;occuper des filles en situations difficiles, victimes de mariages forcés ou de grossesses précoces.</p>
<p><span style="color: var( --e-global-color-text ); font-family: var( --e-global-typography-text-font-family ), Sans-serif; font-weight: var( --e-global-typography-text-font-weight );">Notre objectif est de prendre en charge les frais d&#8217;apprentissage des enfants, les frais scolaires qui en découlent tels que les uniformes. Nous prenons également en compte le petit déjeuner, le déjeuner et le dîner des enfants, et si possible le goûter.</span></p>
<p><span style="color: var( --e-global-color-text ); font-family: var( --e-global-typography-text-font-family ), Sans-serif; font-weight: var( --e-global-typography-text-font-weight );">Nous manquons malheureusement de ressources essentielles telles que le savon pour lessive, le savon pour l&#8217;hygiène corporelle, serviettes périodiques ou encore les vêtements. De plus, nous ne bénéficions d&#8217;aucun suivi médical ni d&#8217;aide pour les frais médicaux, notamment pour les problématiques menstruelles, ce qui constitue une préoccupation majeure pour nous.</span></p>
<p><span style="color: var( --e-global-color-text ); font-family: var( --e-global-typography-text-font-family ), Sans-serif; font-weight: var( --e-global-typography-text-font-weight );">Afin d&#8217;entretenir nos locaux, nous avons des charges mensuelles d&#8217;électricité, et nous essayons d&#8217;autre part d&#8217;obtenir l&#8217;aide d&#8217;une personne spécialisée en ressources humaines ainsi que d&#8217;une assistante sociale. Enfin, nous avons besoin de refaire le dortoir des enfants, le bâtiment principal, et la clôture du jardin.</span></p>
<p><span style="color: var( --e-global-color-text ); font-family: var( --e-global-typography-text-font-family ), Sans-serif; font-weight: var( --e-global-typography-text-font-weight );">En ce qui concerne nos projets afin de gagner en autonomie, nous souhaitons rénover notre boutique, nous lancer dans l&#8217;agriculture et vendre des légumes. Nous souhaitons construire 3 chambres et des sanitaires dans le but de les louer. De plus, nous avons besoin urgent d&#8217;une moto pour faciliter les déplacements et les courses nécessaires pour le bon fonctionnement de l&#8217;orphelinat.</span></p>
<p><span style="color: var( --e-global-color-text ); font-family: var( --e-global-typography-text-font-family ), Sans-serif; font-weight: var( --e-global-typography-text-font-weight );">Au sein de notre orphelinat, nous rencontrons certaines difficultés financières, même si nous pouvons compter sur l&#8217;association MERANO, qui nous apporte chaque année une aide numéraire.&nbsp;</span></p>
<p>Nous lançons donc un appel à votre générosité et à votre soutien pour nous aider à améliorer la vie de ces enfants. Toute contribution, qu&#8217;elle soit financière ou matérielle, fera une réelle différence dans leur vie. Ensemble, nous pouvons offrir à ces enfants un meilleur avenir et leur donner la chance qu&#8217;ils méritent. Merci d&#8217;avance pour votre aide précieuse !</p>						</div>
				</div>
					</div>
		</div>
							</div>
		</section>
							</div>

<p>Orphelinat Segbana Bienvenue au centre d’Accueil et de Protection Mère Marie de Jésus de Ségbana, situé dans le quartier de Toumbou. Notre établissement accueille actuellement 14 enfants internes et 6 [&hellip;]</p>
