{"id":3930,"date":"2023-08-13T22:31:57","date_gmt":"2023-08-13T20:31:57","guid":{"rendered":"http:\/\/localhost\/KidsTheme\/?page_id=3930"},"modified":"2023-08-16T00:17:05","modified_gmt":"2023-08-15T22:17:05","slug":"orphelinat-sainte-claudia","status":"publish","type":"page","link":"https:\/\/seoed.org\/index.php\/orphelinat-sainte-claudia\/","title":{"rendered":"Orphelinat Sainte-Claudia"},"content":{"rendered":"\t\t<div data-elementor-type=\"wp-page\" data-elementor-id=\"3930\" class=\"elementor elementor-3930\">\n\t\t\t\t\t\t\t\t\t<section class=\"elementor-section elementor-top-section elementor-element elementor-element-039a16e elementor-section-boxed elementor-section-height-default elementor-section-height-default\" data-id=\"039a16e\" data-element_type=\"section\">\n\t\t\t\t\t\t<div class=\"elementor-container elementor-column-gap-default\">\n\t\t\t\t\t<div class=\"elementor-column elementor-col-100 elementor-top-column elementor-element elementor-element-bcf418a\" data-id=\"bcf418a\" data-element_type=\"column\">\n\t\t\t<div class=\"elementor-widget-wrap elementor-element-populated\">\n\t\t\t\t\t\t\t\t<div class=\"elementor-element elementor-element-de8ba8c elementor-widget elementor-widget-heading\" data-id=\"de8ba8c\" data-element_type=\"widget\" data-widget_type=\"heading.default\">\n\t\t\t\t<div class=\"elementor-widget-container\">\n\t\t\t<style>\/*! elementor - v3.15.0 - 09-08-2023 *\/\n.elementor-heading-title{padding:0;margin:0;line-height:1}.elementor-widget-heading .elementor-heading-title[class*=elementor-size-]>a{color:inherit;font-size:inherit;line-height:inherit}.elementor-widget-heading .elementor-heading-title.elementor-size-small{font-size:15px}.elementor-widget-heading .elementor-heading-title.elementor-size-medium{font-size:19px}.elementor-widget-heading .elementor-heading-title.elementor-size-large{font-size:29px}.elementor-widget-heading .elementor-heading-title.elementor-size-xl{font-size:39px}.elementor-widget-heading .elementor-heading-title.elementor-size-xxl{font-size:59px}<\/style><h2 class=\"elementor-heading-title elementor-size-default\">Orphelinat Sainte-Claudia<\/h2>\t\t<\/div>\n\t\t\t\t<\/div>\n\t\t\t\t\t<\/div>\n\t\t<\/div>\n\t\t\t\t\t\t\t<\/div>\n\t\t<\/section>\n\t\t\t\t<section class=\"elementor-section elementor-top-section elementor-element elementor-element-2b871d1 elementor-section-boxed elementor-section-height-default elementor-section-height-default\" data-id=\"2b871d1\" data-element_type=\"section\">\n\t\t\t\t\t\t<div class=\"elementor-container elementor-column-gap-default\">\n\t\t\t\t\t<div class=\"elementor-column elementor-col-100 elementor-top-column elementor-element elementor-element-240d06e\" data-id=\"240d06e\" data-element_type=\"column\">\n\t\t\t<div class=\"elementor-widget-wrap elementor-element-populated\">\n\t\t\t\t\t\t\t\t<div class=\"elementor-element elementor-element-0434261 elementor-widget elementor-widget-text-editor\" data-id=\"0434261\" data-element_type=\"widget\" data-widget_type=\"text-editor.default\">\n\t\t\t\t<div class=\"elementor-widget-container\">\n\t\t\t<style>\/*! elementor - v3.15.0 - 09-08-2023 *\/\n.elementor-widget-text-editor.elementor-drop-cap-view-stacked .elementor-drop-cap{background-color:#69727d;color:#fff}.elementor-widget-text-editor.elementor-drop-cap-view-framed .elementor-drop-cap{color:#69727d;border:3px solid;background-color:transparent}.elementor-widget-text-editor:not(.elementor-drop-cap-view-default) .elementor-drop-cap{margin-top:8px}.elementor-widget-text-editor:not(.elementor-drop-cap-view-default) .elementor-drop-cap-letter{width:1em;height:1em}.elementor-widget-text-editor .elementor-drop-cap{float:left;text-align:center;line-height:1;font-size:50px}.elementor-widget-text-editor .elementor-drop-cap-letter{display:inline-block}<\/style>\t\t\t\t<p>Bienvenue \u00e0 l&#8217;orphelinat Ste Claudia, situ\u00e9 \u00e0 Torri-Acadjam\u00e8. Notre \u00e9tablissement accueille actuellement une cinquantaine d&#8217;enfants, \u00e2g\u00e9s de 4 \u00e0 18 ans. Notre mission principale est de prendre soin des orphelins ainsi que des enfants en situation de d\u00e9tresse familiale.<\/p><p>Notre objectif est de prendre en charge les frais de scolarit\u00e9 des gar\u00e7ons, les frais scolaires qui en d\u00e9coulent tels que les uniformes et les fournitures scolaires. Nous prenons \u00e9galement en compte le petit d\u00e9jeuner, le d\u00e9jeuner et le d\u00eener des enfants, et si possible le go\u00fbter.<\/p><p>La sant\u00e9 des enfants est un aspect important et malheureusement, nous manquons de ressources pour assurer les soins de base tels que le savon pour lessive, le savon pour l&#8217;hygi\u00e8ne corporelle, la p\u00e2te dentifrice, les brosses \u00e0 dents, les peignes, les serviettes p\u00e9riodiques, les jouets, etc. De plus, nous ne b\u00e9n\u00e9ficions d&#8217;aucun suivi m\u00e9dical ni d&#8217;aide pour les frais m\u00e9dicaux, ce qui constitue une pr\u00e9occupation majeure pour nous.<\/p><p>Afin d&#8217;entretenir nos locaux, nous avons des charges mensuelles englobant les factures d&#8217;\u00e9lectricit\u00e9, les salaires des r\u00e9p\u00e9titeurs scolaires, des encadrants et de l&#8217;assistante sociale, ainsi que le traitement de l&#8217;eau de forage.<\/p><p>En ce qui concerne nos projets, nous souhaitons am\u00e9nager une salle d&#8217;\u00e9tude pour permettre aux enfants de se concentrer sur leurs devoirs et leurs \u00e9tudes. De plus, nous avons un besoin urgent d&#8217;une moto pour faciliter les d\u00e9placements et les courses n\u00e9cessaires pour le bon fonctionnement de l&#8217;orphelinat.<\/p><p>Au sein de notre orphelinat, nous rencontrons certaines difficult\u00e9s financi\u00e8res. En effet, nous ne b\u00e9n\u00e9ficions d&#8217;aucun parrainage r\u00e9gulier et ne recevons que quelques dons de particuliers pas de mani\u00e8re r\u00e9guli\u00e8re. Cela limite notre capacit\u00e9 \u00e0 subvenir aux besoins essentiels de nos enfants.<\/p><p>Nous lan\u00e7ons donc un appel \u00e0 votre g\u00e9n\u00e9rosit\u00e9 et \u00e0 votre soutien pour nous aider \u00e0 am\u00e9liorer la vie de ces enfants. Toute contribution, qu&#8217;elle soit financi\u00e8re ou mat\u00e9rielle, fera une r\u00e9elle diff\u00e9rence dans leur vie. Ensemble, nous pouvons offrir \u00e0 ces enfants un meilleur avenir et leur donner la chance qu&#8217;ils m\u00e9ritent. Merci d&#8217;avance pour votre aide pr\u00e9cieuse !<\/p>\t\t\t\t\t\t<\/div>\n\t\t\t\t<\/div>\n\t\t\t\t\t<\/div>\n\t\t<\/div>\n\t\t\t\t\t\t\t<\/div>\n\t\t<\/section>\n\t\t\t\t\t\t\t<\/div>\n\t\t","protected":false},"excerpt":{"rendered":"<p>Orphelinat Sainte-Claudia Bienvenue \u00e0 l&#8217;orphelinat Ste Claudia, situ\u00e9 \u00e0 Torri-Acadjam\u00e8. Notre \u00e9tablissement accueille actuellement une cinquantaine d&#8217;enfants, \u00e2g\u00e9s de 4 \u00e0 18 ans. Notre mission principale est de prendre soin [&hellip;]<\/p>\n","protected":false},"author":2,"featured_media":0,"parent":0,"menu_order":0,"comment_status":"closed","ping_status":"closed","template":"","meta":{"content-type":"","footnotes":""},"class_list":["post-3930","page","type-page","status-publish","hentry"],"_links":{"self":[{"href":"https:\/\/seoed.org\/index.php\/wp-json\/wp\/v2\/pages\/3930","targetHints":{"allow":["GET"]}}],"collection":[{"href":"https:\/\/seoed.org\/index.php\/wp-json\/wp\/v2\/pages"}],"about":[{"href":"https:\/\/seoed.org\/index.php\/wp-json\/wp\/v2\/types\/page"}],"author":[{"embeddable":true,"href":"https:\/\/seoed.org\/index.php\/wp-json\/wp\/v2\/users\/2"}],"replies":[{"embeddable":true,"href":"https:\/\/seoed.org\/index.php\/wp-json\/wp\/v2\/comments?post=3930"}],"version-history":[{"count":3,"href":"https:\/\/seoed.org\/index.php\/wp-json\/wp\/v2\/pages\/3930\/revisions"}],"predecessor-version":[{"id":5053,"href":"https:\/\/seoed.org\/index.php\/wp-json\/wp\/v2\/pages\/3930\/revisions\/5053"}],"wp:attachment":[{"href":"https:\/\/seoed.org\/index.php\/wp-json\/wp\/v2\/media?parent=3930"}],"curies":[{"name":"wp","href":"https:\/\/api.w.org\/{rel}","templated":true}]}}

<div data-elementor-type="wp-page" data-elementor-id="3930" class="elementor elementor-3930">
									<section class="elementor-section elementor-top-section elementor-element elementor-element-039a16e elementor-section-boxed elementor-section-height-default elementor-section-height-default" data-id="039a16e" data-element_type="section">
						<div class="elementor-container elementor-column-gap-default">
					<div class="elementor-column elementor-col-100 elementor-top-column elementor-element elementor-element-bcf418a" data-id="bcf418a" data-element_type="column">
			<div class="elementor-widget-wrap elementor-element-populated">
								<div class="elementor-element elementor-element-de8ba8c elementor-widget elementor-widget-heading" data-id="de8ba8c" data-element_type="widget" data-widget_type="heading.default">
				<div class="elementor-widget-container">
			<style>/*! elementor - v3.15.0 - 09-08-2023 */
.elementor-heading-title{padding:0;margin:0;line-height:1}.elementor-widget-heading .elementor-heading-title[class*=elementor-size-]>a{color:inherit;font-size:inherit;line-height:inherit}.elementor-widget-heading .elementor-heading-title.elementor-size-small{font-size:15px}.elementor-widget-heading .elementor-heading-title.elementor-size-medium{font-size:19px}.elementor-widget-heading .elementor-heading-title.elementor-size-large{font-size:29px}.elementor-widget-heading .elementor-heading-title.elementor-size-xl{font-size:39px}.elementor-widget-heading .elementor-heading-title.elementor-size-xxl{font-size:59px}</style><h2 class="elementor-heading-title elementor-size-default">Orphelinat Sainte-Claudia</h2>		</div>
				</div>
					</div>
		</div>
							</div>
		</section>
				<section class="elementor-section elementor-top-section elementor-element elementor-element-2b871d1 elementor-section-boxed elementor-section-height-default elementor-section-height-default" data-id="2b871d1" data-element_type="section">
						<div class="elementor-container elementor-column-gap-default">
					<div class="elementor-column elementor-col-100 elementor-top-column elementor-element elementor-element-240d06e" data-id="240d06e" data-element_type="column">
			<div class="elementor-widget-wrap elementor-element-populated">
								<div class="elementor-element elementor-element-0434261 elementor-widget elementor-widget-text-editor" data-id="0434261" data-element_type="widget" data-widget_type="text-editor.default">
				<div class="elementor-widget-container">
			<style>/*! elementor - v3.15.0 - 09-08-2023 */
.elementor-widget-text-editor.elementor-drop-cap-view-stacked .elementor-drop-cap{background-color:#69727d;color:#fff}.elementor-widget-text-editor.elementor-drop-cap-view-framed .elementor-drop-cap{color:#69727d;border:3px solid;background-color:transparent}.elementor-widget-text-editor:not(.elementor-drop-cap-view-default) .elementor-drop-cap{margin-top:8px}.elementor-widget-text-editor:not(.elementor-drop-cap-view-default) .elementor-drop-cap-letter{width:1em;height:1em}.elementor-widget-text-editor .elementor-drop-cap{float:left;text-align:center;line-height:1;font-size:50px}.elementor-widget-text-editor .elementor-drop-cap-letter{display:inline-block}</style>				<p>Bienvenue à l&#8217;orphelinat Ste Claudia, situé à Torri-Acadjamè. Notre établissement accueille actuellement une cinquantaine d&#8217;enfants, âgés de 4 à 18 ans. Notre mission principale est de prendre soin des orphelins ainsi que des enfants en situation de détresse familiale.</p><p>Notre objectif est de prendre en charge les frais de scolarité des garçons, les frais scolaires qui en découlent tels que les uniformes et les fournitures scolaires. Nous prenons également en compte le petit déjeuner, le déjeuner et le dîner des enfants, et si possible le goûter.</p><p>La santé des enfants est un aspect important et malheureusement, nous manquons de ressources pour assurer les soins de base tels que le savon pour lessive, le savon pour l&#8217;hygiène corporelle, la pâte dentifrice, les brosses à dents, les peignes, les serviettes périodiques, les jouets, etc. De plus, nous ne bénéficions d&#8217;aucun suivi médical ni d&#8217;aide pour les frais médicaux, ce qui constitue une préoccupation majeure pour nous.</p><p>Afin d&#8217;entretenir nos locaux, nous avons des charges mensuelles englobant les factures d&#8217;électricité, les salaires des répétiteurs scolaires, des encadrants et de l&#8217;assistante sociale, ainsi que le traitement de l&#8217;eau de forage.</p><p>En ce qui concerne nos projets, nous souhaitons aménager une salle d&#8217;étude pour permettre aux enfants de se concentrer sur leurs devoirs et leurs études. De plus, nous avons un besoin urgent d&#8217;une moto pour faciliter les déplacements et les courses nécessaires pour le bon fonctionnement de l&#8217;orphelinat.</p><p>Au sein de notre orphelinat, nous rencontrons certaines difficultés financières. En effet, nous ne bénéficions d&#8217;aucun parrainage régulier et ne recevons que quelques dons de particuliers pas de manière régulière. Cela limite notre capacité à subvenir aux besoins essentiels de nos enfants.</p><p>Nous lançons donc un appel à votre générosité et à votre soutien pour nous aider à améliorer la vie de ces enfants. Toute contribution, qu&#8217;elle soit financière ou matérielle, fera une réelle différence dans leur vie. Ensemble, nous pouvons offrir à ces enfants un meilleur avenir et leur donner la chance qu&#8217;ils méritent. Merci d&#8217;avance pour votre aide précieuse !</p>						</div>
				</div>
					</div>
		</div>
							</div>
		</section>
							</div>

<p>Orphelinat Sainte-Claudia Bienvenue à l&#8217;orphelinat Ste Claudia, situé à Torri-Acadjamè. Notre établissement accueille actuellement une cinquantaine d&#8217;enfants, âgés de 4 à 18 ans. Notre mission principale est de prendre soin [&hellip;]</p>
