{"id":3924,"date":"2023-08-13T22:30:11","date_gmt":"2023-08-13T20:30:11","guid":{"rendered":"http:\/\/localhost\/KidsTheme\/?page_id=3924"},"modified":"2023-08-16T00:59:12","modified_gmt":"2023-08-15T22:59:12","slug":"orphelinat-fo-boure","status":"publish","type":"page","link":"https:\/\/seoed.org\/index.php\/orphelinat-fo-boure\/","title":{"rendered":"Orphelinat Fo Boure"},"content":{"rendered":"\t\t<div data-elementor-type=\"wp-page\" data-elementor-id=\"3924\" class=\"elementor elementor-3924\">\n\t\t\t\t\t\t\t\t\t<section class=\"elementor-section elementor-top-section elementor-element elementor-element-cccc76a elementor-section-boxed elementor-section-height-default elementor-section-height-default\" data-id=\"cccc76a\" data-element_type=\"section\">\n\t\t\t\t\t\t<div class=\"elementor-container elementor-column-gap-default\">\n\t\t\t\t\t<div class=\"elementor-column elementor-col-100 elementor-top-column elementor-element elementor-element-f3a6c01\" data-id=\"f3a6c01\" data-element_type=\"column\">\n\t\t\t<div class=\"elementor-widget-wrap elementor-element-populated\">\n\t\t\t\t\t\t\t\t<div class=\"elementor-element elementor-element-4c77aae elementor-widget elementor-widget-heading\" data-id=\"4c77aae\" data-element_type=\"widget\" data-widget_type=\"heading.default\">\n\t\t\t\t<div class=\"elementor-widget-container\">\n\t\t\t<style>\/*! elementor - v3.15.0 - 09-08-2023 *\/\n.elementor-heading-title{padding:0;margin:0;line-height:1}.elementor-widget-heading .elementor-heading-title[class*=elementor-size-]>a{color:inherit;font-size:inherit;line-height:inherit}.elementor-widget-heading .elementor-heading-title.elementor-size-small{font-size:15px}.elementor-widget-heading .elementor-heading-title.elementor-size-medium{font-size:19px}.elementor-widget-heading .elementor-heading-title.elementor-size-large{font-size:29px}.elementor-widget-heading .elementor-heading-title.elementor-size-xl{font-size:39px}.elementor-widget-heading .elementor-heading-title.elementor-size-xxl{font-size:59px}<\/style><h2 class=\"elementor-heading-title elementor-size-default\">Orphelinat Fo Boure<\/h2>\t\t<\/div>\n\t\t\t\t<\/div>\n\t\t\t\t\t<\/div>\n\t\t<\/div>\n\t\t\t\t\t\t\t<\/div>\n\t\t<\/section>\n\t\t\t\t<section class=\"elementor-section elementor-top-section elementor-element elementor-element-f7b8dd1 elementor-section-boxed elementor-section-height-default elementor-section-height-default\" data-id=\"f7b8dd1\" data-element_type=\"section\">\n\t\t\t\t\t\t<div class=\"elementor-container elementor-column-gap-default\">\n\t\t\t\t\t<div class=\"elementor-column elementor-col-100 elementor-top-column elementor-element elementor-element-17d79fa\" data-id=\"17d79fa\" data-element_type=\"column\">\n\t\t\t<div class=\"elementor-widget-wrap elementor-element-populated\">\n\t\t\t\t\t\t\t\t<div class=\"elementor-element elementor-element-b72f88a elementor-widget elementor-widget-text-editor\" data-id=\"b72f88a\" data-element_type=\"widget\" data-widget_type=\"text-editor.default\">\n\t\t\t\t<div class=\"elementor-widget-container\">\n\t\t\t<style>\/*! elementor - v3.15.0 - 09-08-2023 *\/\n.elementor-widget-text-editor.elementor-drop-cap-view-stacked .elementor-drop-cap{background-color:#69727d;color:#fff}.elementor-widget-text-editor.elementor-drop-cap-view-framed .elementor-drop-cap{color:#69727d;border:3px solid;background-color:transparent}.elementor-widget-text-editor:not(.elementor-drop-cap-view-default) .elementor-drop-cap{margin-top:8px}.elementor-widget-text-editor:not(.elementor-drop-cap-view-default) .elementor-drop-cap-letter{width:1em;height:1em}.elementor-widget-text-editor .elementor-drop-cap{float:left;text-align:center;line-height:1;font-size:50px}.elementor-widget-text-editor .elementor-drop-cap-letter{display:inline-block}<\/style>\t\t\t\t<p>Bienvenue au Centre de R\u00e9cup\u00e9ration nutritionnelle Saint Emile de F\u00f4 Bour\u00e9 et Internat sainte famille, situ\u00e9 dans le quartier Bona Y\u00e9nou. Notre \u00e9tablissement accueille actuellement 20 enfants internes \u00e2g\u00e9s de 6 ans \u00e0 18 ans. Nous sommes un Centre de R\u00e9cup\u00e9ration et d\u2019Education Nutritionnelle (CREN).<\/p><p>Notre objectif est de prendre en charge les frais de structures extra-scolaires.\u00a0Nous prenons \u00e9galement en compte le petit d\u00e9jeuner, le d\u00e9jeuner et le d\u00eener des enfants, et si possible le go\u00fbter.<\/p><p>Afin que chaque enfant en bas \u00e2ge ne manque de rien, nous avons besoin de nounous et d&#8217;encadrants scolaires, ainsi qu&#8217;une assistance sociale. Le sujet de leur sant\u00e9 est crucial, malheureusement nous manquons de mat\u00e9riel tel que des draps pour berceaux, des couches, des serviettes p\u00e9riodiques pour les adolescentes, des v\u00eatements ou encore des jouets. De plus, nous souffrons de carences dans le suivi des vaccinations et ne b\u00e9n\u00e9ficions d&#8217;aucune aide pour les frais m\u00e9dicaux, m\u00eame si au quotidien nous avons la chance de pouvoir compter sur la Communaut\u00e9 des s\u0153urs (OCPSP).<\/p><p>Afin d&#8217;entretenir nos locaux, nous souhaiterions r\u00e9nover nos b\u00e2timents qui sont actuellement en mauvais \u00e9tat. Nous avons des charges mensuelles englobant les factures d&#8217;\u00e9lectricit\u00e9, ainsi que les salaires des encadrants et de l&#8217;assistante sociale.<\/p><p>En ce qui concerne nos projets, nous souhaitons acqu\u00e9rir une armoire frigorifique pour vendre des glaces, et conserver les denr\u00e9es alimentaires dans des conditions d&#8217;hygi\u00e8ne sanitaires strictes.<\/p><p>Nous lan\u00e7ons donc un appel \u00e0 votre g\u00e9n\u00e9rosit\u00e9 et \u00e0 votre soutien pour nous aider \u00e0 am\u00e9liorer la vie de ces enfants. Toute contribution, qu&#8217;elle soit financi\u00e8re ou mat\u00e9rielle, fera une r\u00e9elle diff\u00e9rence dans leur vie. Ensemble, nous pouvons offrir \u00e0 ces enfants un meilleur avenir et leur donner la chance qu&#8217;ils m\u00e9ritent. Merci d&#8217;avance pour votre aide pr\u00e9cieuse !\u00a0<\/p>\t\t\t\t\t\t<\/div>\n\t\t\t\t<\/div>\n\t\t\t\t\t<\/div>\n\t\t<\/div>\n\t\t\t\t\t\t\t<\/div>\n\t\t<\/section>\n\t\t\t\t\t\t\t<\/div>\n\t\t","protected":false},"excerpt":{"rendered":"<p>Orphelinat Fo Boure Bienvenue au Centre de R\u00e9cup\u00e9ration nutritionnelle Saint Emile de F\u00f4 Bour\u00e9 et Internat sainte famille, situ\u00e9 dans le quartier Bona Y\u00e9nou. Notre \u00e9tablissement accueille actuellement 20 enfants [&hellip;]<\/p>\n","protected":false},"author":2,"featured_media":0,"parent":0,"menu_order":0,"comment_status":"closed","ping_status":"closed","template":"","meta":{"content-type":"","footnotes":""},"class_list":["post-3924","page","type-page","status-publish","hentry"],"_links":{"self":[{"href":"https:\/\/seoed.org\/index.php\/wp-json\/wp\/v2\/pages\/3924","targetHints":{"allow":["GET"]}}],"collection":[{"href":"https:\/\/seoed.org\/index.php\/wp-json\/wp\/v2\/pages"}],"about":[{"href":"https:\/\/seoed.org\/index.php\/wp-json\/wp\/v2\/types\/page"}],"author":[{"embeddable":true,"href":"https:\/\/seoed.org\/index.php\/wp-json\/wp\/v2\/users\/2"}],"replies":[{"embeddable":true,"href":"https:\/\/seoed.org\/index.php\/wp-json\/wp\/v2\/comments?post=3924"}],"version-history":[{"count":6,"href":"https:\/\/seoed.org\/index.php\/wp-json\/wp\/v2\/pages\/3924\/revisions"}],"predecessor-version":[{"id":5064,"href":"https:\/\/seoed.org\/index.php\/wp-json\/wp\/v2\/pages\/3924\/revisions\/5064"}],"wp:attachment":[{"href":"https:\/\/seoed.org\/index.php\/wp-json\/wp\/v2\/media?parent=3924"}],"curies":[{"name":"wp","href":"https:\/\/api.w.org\/{rel}","templated":true}]}}

<div data-elementor-type="wp-page" data-elementor-id="3924" class="elementor elementor-3924">
									<section class="elementor-section elementor-top-section elementor-element elementor-element-cccc76a elementor-section-boxed elementor-section-height-default elementor-section-height-default" data-id="cccc76a" data-element_type="section">
						<div class="elementor-container elementor-column-gap-default">
					<div class="elementor-column elementor-col-100 elementor-top-column elementor-element elementor-element-f3a6c01" data-id="f3a6c01" data-element_type="column">
			<div class="elementor-widget-wrap elementor-element-populated">
								<div class="elementor-element elementor-element-4c77aae elementor-widget elementor-widget-heading" data-id="4c77aae" data-element_type="widget" data-widget_type="heading.default">
				<div class="elementor-widget-container">
			<style>/*! elementor - v3.15.0 - 09-08-2023 */
.elementor-heading-title{padding:0;margin:0;line-height:1}.elementor-widget-heading .elementor-heading-title[class*=elementor-size-]>a{color:inherit;font-size:inherit;line-height:inherit}.elementor-widget-heading .elementor-heading-title.elementor-size-small{font-size:15px}.elementor-widget-heading .elementor-heading-title.elementor-size-medium{font-size:19px}.elementor-widget-heading .elementor-heading-title.elementor-size-large{font-size:29px}.elementor-widget-heading .elementor-heading-title.elementor-size-xl{font-size:39px}.elementor-widget-heading .elementor-heading-title.elementor-size-xxl{font-size:59px}</style><h2 class="elementor-heading-title elementor-size-default">Orphelinat Fo Boure</h2>		</div>
				</div>
					</div>
		</div>
							</div>
		</section>
				<section class="elementor-section elementor-top-section elementor-element elementor-element-f7b8dd1 elementor-section-boxed elementor-section-height-default elementor-section-height-default" data-id="f7b8dd1" data-element_type="section">
						<div class="elementor-container elementor-column-gap-default">
					<div class="elementor-column elementor-col-100 elementor-top-column elementor-element elementor-element-17d79fa" data-id="17d79fa" data-element_type="column">
			<div class="elementor-widget-wrap elementor-element-populated">
								<div class="elementor-element elementor-element-b72f88a elementor-widget elementor-widget-text-editor" data-id="b72f88a" data-element_type="widget" data-widget_type="text-editor.default">
				<div class="elementor-widget-container">
			<style>/*! elementor - v3.15.0 - 09-08-2023 */
.elementor-widget-text-editor.elementor-drop-cap-view-stacked .elementor-drop-cap{background-color:#69727d;color:#fff}.elementor-widget-text-editor.elementor-drop-cap-view-framed .elementor-drop-cap{color:#69727d;border:3px solid;background-color:transparent}.elementor-widget-text-editor:not(.elementor-drop-cap-view-default) .elementor-drop-cap{margin-top:8px}.elementor-widget-text-editor:not(.elementor-drop-cap-view-default) .elementor-drop-cap-letter{width:1em;height:1em}.elementor-widget-text-editor .elementor-drop-cap{float:left;text-align:center;line-height:1;font-size:50px}.elementor-widget-text-editor .elementor-drop-cap-letter{display:inline-block}</style>				<p>Bienvenue au Centre de Récupération nutritionnelle Saint Emile de Fô Bouré et Internat sainte famille, situé dans le quartier Bona Yénou. Notre établissement accueille actuellement 20 enfants internes âgés de 6 ans à 18 ans. Nous sommes un Centre de Récupération et d’Education Nutritionnelle (CREN).</p><p>Notre objectif est de prendre en charge les frais de structures extra-scolaires. Nous prenons également en compte le petit déjeuner, le déjeuner et le dîner des enfants, et si possible le goûter.</p><p>Afin que chaque enfant en bas âge ne manque de rien, nous avons besoin de nounous et d&#8217;encadrants scolaires, ainsi qu&#8217;une assistance sociale. Le sujet de leur santé est crucial, malheureusement nous manquons de matériel tel que des draps pour berceaux, des couches, des serviettes périodiques pour les adolescentes, des vêtements ou encore des jouets. De plus, nous souffrons de carences dans le suivi des vaccinations et ne bénéficions d&#8217;aucune aide pour les frais médicaux, même si au quotidien nous avons la chance de pouvoir compter sur la Communauté des sœurs (OCPSP).</p><p>Afin d&#8217;entretenir nos locaux, nous souhaiterions rénover nos bâtiments qui sont actuellement en mauvais état. Nous avons des charges mensuelles englobant les factures d&#8217;électricité, ainsi que les salaires des encadrants et de l&#8217;assistante sociale.</p><p>En ce qui concerne nos projets, nous souhaitons acquérir une armoire frigorifique pour vendre des glaces, et conserver les denrées alimentaires dans des conditions d&#8217;hygiène sanitaires strictes.</p><p>Nous lançons donc un appel à votre générosité et à votre soutien pour nous aider à améliorer la vie de ces enfants. Toute contribution, qu&#8217;elle soit financière ou matérielle, fera une réelle différence dans leur vie. Ensemble, nous pouvons offrir à ces enfants un meilleur avenir et leur donner la chance qu&#8217;ils méritent. Merci d&#8217;avance pour votre aide précieuse ! </p>						</div>
				</div>
					</div>
		</div>
							</div>
		</section>
							</div>

<p>Orphelinat Fo Boure Bienvenue au Centre de Récupération nutritionnelle Saint Emile de Fô Bouré et Internat sainte famille, situé dans le quartier Bona Yénou. Notre établissement accueille actuellement 20 enfants [&hellip;]</p>
