{"id":3894,"date":"2023-08-13T22:14:28","date_gmt":"2023-08-13T20:14:28","guid":{"rendered":"http:\/\/localhost\/KidsTheme\/?page_id=3894"},"modified":"2023-08-16T00:13:36","modified_gmt":"2023-08-15T22:13:36","slug":"orphelinat-de-ketou","status":"publish","type":"page","link":"https:\/\/seoed.org\/index.php\/orphelinat-de-ketou\/","title":{"rendered":"Orphelinat de Ketou"},"content":{"rendered":"\t\t<div data-elementor-type=\"wp-page\" data-elementor-id=\"3894\" class=\"elementor elementor-3894\">\n\t\t\t\t\t\t\t\t\t<section class=\"elementor-section elementor-top-section elementor-element elementor-element-80dbe82 elementor-section-boxed elementor-section-height-default elementor-section-height-default\" data-id=\"80dbe82\" data-element_type=\"section\">\n\t\t\t\t\t\t<div class=\"elementor-container elementor-column-gap-default\">\n\t\t\t\t\t<div class=\"elementor-column elementor-col-100 elementor-top-column elementor-element elementor-element-46d9241\" data-id=\"46d9241\" data-element_type=\"column\">\n\t\t\t<div class=\"elementor-widget-wrap elementor-element-populated\">\n\t\t\t\t\t\t\t\t<div class=\"elementor-element elementor-element-2e9ab3d elementor-widget elementor-widget-heading\" data-id=\"2e9ab3d\" data-element_type=\"widget\" data-widget_type=\"heading.default\">\n\t\t\t\t<div class=\"elementor-widget-container\">\n\t\t\t<style>\/*! elementor - v3.15.0 - 09-08-2023 *\/\n.elementor-heading-title{padding:0;margin:0;line-height:1}.elementor-widget-heading .elementor-heading-title[class*=elementor-size-]>a{color:inherit;font-size:inherit;line-height:inherit}.elementor-widget-heading .elementor-heading-title.elementor-size-small{font-size:15px}.elementor-widget-heading .elementor-heading-title.elementor-size-medium{font-size:19px}.elementor-widget-heading .elementor-heading-title.elementor-size-large{font-size:29px}.elementor-widget-heading .elementor-heading-title.elementor-size-xl{font-size:39px}.elementor-widget-heading .elementor-heading-title.elementor-size-xxl{font-size:59px}<\/style><h2 class=\"elementor-heading-title elementor-size-default\">Orphelinat de Ketou<\/h2>\t\t<\/div>\n\t\t\t\t<\/div>\n\t\t\t\t\t<\/div>\n\t\t<\/div>\n\t\t\t\t\t\t\t<\/div>\n\t\t<\/section>\n\t\t\t\t<section class=\"elementor-section elementor-top-section elementor-element elementor-element-20e3831 elementor-section-boxed elementor-section-height-default elementor-section-height-default\" data-id=\"20e3831\" data-element_type=\"section\">\n\t\t\t\t\t\t<div class=\"elementor-container elementor-column-gap-default\">\n\t\t\t\t\t<div class=\"elementor-column elementor-col-100 elementor-top-column elementor-element elementor-element-f12bbaa\" data-id=\"f12bbaa\" data-element_type=\"column\">\n\t\t\t<div class=\"elementor-widget-wrap elementor-element-populated\">\n\t\t\t\t\t\t\t\t<div class=\"elementor-element elementor-element-19c2319 elementor-widget elementor-widget-text-editor\" data-id=\"19c2319\" data-element_type=\"widget\" data-widget_type=\"text-editor.default\">\n\t\t\t\t<div class=\"elementor-widget-container\">\n\t\t\t<style>\/*! elementor - v3.15.0 - 09-08-2023 *\/\n.elementor-widget-text-editor.elementor-drop-cap-view-stacked .elementor-drop-cap{background-color:#69727d;color:#fff}.elementor-widget-text-editor.elementor-drop-cap-view-framed .elementor-drop-cap{color:#69727d;border:3px solid;background-color:transparent}.elementor-widget-text-editor:not(.elementor-drop-cap-view-default) .elementor-drop-cap{margin-top:8px}.elementor-widget-text-editor:not(.elementor-drop-cap-view-default) .elementor-drop-cap-letter{width:1em;height:1em}.elementor-widget-text-editor .elementor-drop-cap{float:left;text-align:center;line-height:1;font-size:50px}.elementor-widget-text-editor .elementor-drop-cap-letter{display:inline-block}<\/style>\t\t\t\t<p><!-- wp:paragraph --><\/p>\n<p>Bienvenue au Foyer Sainte Th\u00e9r\u00e8se d\u2019Avila de K\u00e9tou, situ\u00e9 dans le quartier Igui-Olou. Notre \u00e9tablissement accueille actuellement 8 enfants de 10 \u00e0 14 ans.<\/p>\n<p>Nous sommes un centre d&#8217;aide r\u00e9sidentiel de long s\u00e9jour aux filles en situation difficiles. Nous essayons de combler les difficult\u00e9s alimentaires, en prenant en charge le petit d\u00e9jeuner, d\u00e9jeuner et d\u00eener pour les enfants, et si possible le go\u00fbter.<\/p>\n<p>En ce qui concerne le sujet de la sant\u00e9, nous manquons de produits d&#8217;hygi\u00e8ne, tels que du savon pour la lessive ou encore des serviettes p\u00e9riodiques. De plus, nous souffrons de carences dans le suivi des vaccinations et ne b\u00e9n\u00e9ficions d&#8217;aucune aide pour les frais m\u00e9dicaux, m\u00eame si au quotidien nous avons la chance de pouvoir compter sur le soutien du dioc\u00e8se, ainsi que de quelques dons de particuliers.<\/p>\n<p>Afin d&#8217;entretenir nos locaux, nous avons des charges mensuelles englobant les factures d&#8217;\u00e9lectricit\u00e9, les salaires des r\u00e9p\u00e9titeurs scolaires, des encadrants et de l&#8217;assistante sociale, ainsi que le traitement de l&#8217;eau de forage.<\/p>\n<p>En ce qui concerne nos projets afin de gagner en ind\u00e9pendance, nous souhaiterions restructurer la vieille \u00e9cole appartenant au centre afin de cr\u00e9er des revenus. De plus, nous avons besoin de badigeonner le dortoir des filles et de r\u00e9nover des structures existantes. Nous essayons \u00e9galement, pour les d\u00e9placements et les courses, d&#8217;acqu\u00e9rir une moto.<\/p>\n<p>Nous lan\u00e7ons donc un appel \u00e0 votre g\u00e9n\u00e9rosit\u00e9 et \u00e0 votre soutien pour nous aider \u00e0 am\u00e9liorer la vie de ces enfants. Toute contribution, qu&#8217;elle soit financi\u00e8re ou mat\u00e9rielle, fera une r\u00e9elle diff\u00e9rence dans leur vie. Ensemble, nous pouvons offrir \u00e0 ces enfants un meilleur avenir et leur donner la chance qu&#8217;ils m\u00e9ritent. Merci d&#8217;avance pour votre aide pr\u00e9cieuse !\u00a0<\/p>\n<p><!-- \/wp:paragraph --><\/p>\t\t\t\t\t\t<\/div>\n\t\t\t\t<\/div>\n\t\t\t\t\t<\/div>\n\t\t<\/div>\n\t\t\t\t\t\t\t<\/div>\n\t\t<\/section>\n\t\t\t\t\t\t\t<\/div>\n\t\t","protected":false},"excerpt":{"rendered":"<p>Orphelinat de Ketou Bienvenue au Foyer Sainte Th\u00e9r\u00e8se d\u2019Avila de K\u00e9tou, situ\u00e9 dans le quartier Igui-Olou. Notre \u00e9tablissement accueille actuellement 8 enfants de 10 \u00e0 14 ans. Nous sommes un [&hellip;]<\/p>\n","protected":false},"author":2,"featured_media":0,"parent":0,"menu_order":0,"comment_status":"closed","ping_status":"closed","template":"","meta":{"content-type":"","footnotes":""},"class_list":["post-3894","page","type-page","status-publish","hentry"],"_links":{"self":[{"href":"https:\/\/seoed.org\/index.php\/wp-json\/wp\/v2\/pages\/3894","targetHints":{"allow":["GET"]}}],"collection":[{"href":"https:\/\/seoed.org\/index.php\/wp-json\/wp\/v2\/pages"}],"about":[{"href":"https:\/\/seoed.org\/index.php\/wp-json\/wp\/v2\/types\/page"}],"author":[{"embeddable":true,"href":"https:\/\/seoed.org\/index.php\/wp-json\/wp\/v2\/users\/2"}],"replies":[{"embeddable":true,"href":"https:\/\/seoed.org\/index.php\/wp-json\/wp\/v2\/comments?post=3894"}],"version-history":[{"count":6,"href":"https:\/\/seoed.org\/index.php\/wp-json\/wp\/v2\/pages\/3894\/revisions"}],"predecessor-version":[{"id":5049,"href":"https:\/\/seoed.org\/index.php\/wp-json\/wp\/v2\/pages\/3894\/revisions\/5049"}],"wp:attachment":[{"href":"https:\/\/seoed.org\/index.php\/wp-json\/wp\/v2\/media?parent=3894"}],"curies":[{"name":"wp","href":"https:\/\/api.w.org\/{rel}","templated":true}]}}

<div data-elementor-type="wp-page" data-elementor-id="3894" class="elementor elementor-3894">
									<section class="elementor-section elementor-top-section elementor-element elementor-element-80dbe82 elementor-section-boxed elementor-section-height-default elementor-section-height-default" data-id="80dbe82" data-element_type="section">
						<div class="elementor-container elementor-column-gap-default">
					<div class="elementor-column elementor-col-100 elementor-top-column elementor-element elementor-element-46d9241" data-id="46d9241" data-element_type="column">
			<div class="elementor-widget-wrap elementor-element-populated">
								<div class="elementor-element elementor-element-2e9ab3d elementor-widget elementor-widget-heading" data-id="2e9ab3d" data-element_type="widget" data-widget_type="heading.default">
				<div class="elementor-widget-container">
			<style>/*! elementor - v3.15.0 - 09-08-2023 */
.elementor-heading-title{padding:0;margin:0;line-height:1}.elementor-widget-heading .elementor-heading-title[class*=elementor-size-]>a{color:inherit;font-size:inherit;line-height:inherit}.elementor-widget-heading .elementor-heading-title.elementor-size-small{font-size:15px}.elementor-widget-heading .elementor-heading-title.elementor-size-medium{font-size:19px}.elementor-widget-heading .elementor-heading-title.elementor-size-large{font-size:29px}.elementor-widget-heading .elementor-heading-title.elementor-size-xl{font-size:39px}.elementor-widget-heading .elementor-heading-title.elementor-size-xxl{font-size:59px}</style><h2 class="elementor-heading-title elementor-size-default">Orphelinat de Ketou</h2>		</div>
				</div>
					</div>
		</div>
							</div>
		</section>
				<section class="elementor-section elementor-top-section elementor-element elementor-element-20e3831 elementor-section-boxed elementor-section-height-default elementor-section-height-default" data-id="20e3831" data-element_type="section">
						<div class="elementor-container elementor-column-gap-default">
					<div class="elementor-column elementor-col-100 elementor-top-column elementor-element elementor-element-f12bbaa" data-id="f12bbaa" data-element_type="column">
			<div class="elementor-widget-wrap elementor-element-populated">
								<div class="elementor-element elementor-element-19c2319 elementor-widget elementor-widget-text-editor" data-id="19c2319" data-element_type="widget" data-widget_type="text-editor.default">
				<div class="elementor-widget-container">
			<style>/*! elementor - v3.15.0 - 09-08-2023 */
.elementor-widget-text-editor.elementor-drop-cap-view-stacked .elementor-drop-cap{background-color:#69727d;color:#fff}.elementor-widget-text-editor.elementor-drop-cap-view-framed .elementor-drop-cap{color:#69727d;border:3px solid;background-color:transparent}.elementor-widget-text-editor:not(.elementor-drop-cap-view-default) .elementor-drop-cap{margin-top:8px}.elementor-widget-text-editor:not(.elementor-drop-cap-view-default) .elementor-drop-cap-letter{width:1em;height:1em}.elementor-widget-text-editor .elementor-drop-cap{float:left;text-align:center;line-height:1;font-size:50px}.elementor-widget-text-editor .elementor-drop-cap-letter{display:inline-block}</style>				<p><!-- wp:paragraph --></p>
<p>Bienvenue au Foyer Sainte Thérèse d’Avila de Kétou, situé dans le quartier Igui-Olou. Notre établissement accueille actuellement 8 enfants de 10 à 14 ans.</p>
<p>Nous sommes un centre d&#8217;aide résidentiel de long séjour aux filles en situation difficiles. Nous essayons de combler les difficultés alimentaires, en prenant en charge le petit déjeuner, déjeuner et dîner pour les enfants, et si possible le goûter.</p>
<p>En ce qui concerne le sujet de la santé, nous manquons de produits d&#8217;hygiène, tels que du savon pour la lessive ou encore des serviettes périodiques. De plus, nous souffrons de carences dans le suivi des vaccinations et ne bénéficions d&#8217;aucune aide pour les frais médicaux, même si au quotidien nous avons la chance de pouvoir compter sur le soutien du diocèse, ainsi que de quelques dons de particuliers.</p>
<p>Afin d&#8217;entretenir nos locaux, nous avons des charges mensuelles englobant les factures d&#8217;électricité, les salaires des répétiteurs scolaires, des encadrants et de l&#8217;assistante sociale, ainsi que le traitement de l&#8217;eau de forage.</p>
<p>En ce qui concerne nos projets afin de gagner en indépendance, nous souhaiterions restructurer la vieille école appartenant au centre afin de créer des revenus. De plus, nous avons besoin de badigeonner le dortoir des filles et de rénover des structures existantes. Nous essayons également, pour les déplacements et les courses, d&#8217;acquérir une moto.</p>
<p>Nous lançons donc un appel à votre générosité et à votre soutien pour nous aider à améliorer la vie de ces enfants. Toute contribution, qu&#8217;elle soit financière ou matérielle, fera une réelle différence dans leur vie. Ensemble, nous pouvons offrir à ces enfants un meilleur avenir et leur donner la chance qu&#8217;ils méritent. Merci d&#8217;avance pour votre aide précieuse ! </p>
<p><!-- /wp:paragraph --></p>						</div>
				</div>
					</div>
		</div>
							</div>
		</section>
							</div>

<p>Orphelinat de Ketou Bienvenue au Foyer Sainte Thérèse d’Avila de Kétou, situé dans le quartier Igui-Olou. Notre établissement accueille actuellement 8 enfants de 10 à 14 ans. Nous sommes un [&hellip;]</p>
