{"id":3886,"date":"2023-08-13T22:08:42","date_gmt":"2023-08-13T20:08:42","guid":{"rendered":"http:\/\/localhost\/KidsTheme\/?page_id=3886"},"modified":"2023-08-15T12:59:31","modified_gmt":"2023-08-15T10:59:31","slug":"orphelinat-dazowlisse","status":"publish","type":"page","link":"https:\/\/seoed.org\/index.php\/orphelinat-dazowlisse\/","title":{"rendered":"Orphelinat d&#8217;Azowlisse"},"content":{"rendered":"\t\t<div data-elementor-type=\"wp-page\" data-elementor-id=\"3886\" class=\"elementor elementor-3886\">\n\t\t\t\t\t\t\t\t\t<section class=\"elementor-section elementor-top-section elementor-element elementor-element-6bc1756 elementor-section-boxed elementor-section-height-default elementor-section-height-default\" data-id=\"6bc1756\" data-element_type=\"section\">\n\t\t\t\t\t\t<div class=\"elementor-container elementor-column-gap-default\">\n\t\t\t\t\t<div class=\"elementor-column elementor-col-100 elementor-top-column elementor-element elementor-element-f4d7f5c\" data-id=\"f4d7f5c\" data-element_type=\"column\">\n\t\t\t<div class=\"elementor-widget-wrap elementor-element-populated\">\n\t\t\t\t\t\t\t\t<div class=\"elementor-element elementor-element-20bac77 elementor-widget elementor-widget-heading\" data-id=\"20bac77\" data-element_type=\"widget\" data-widget_type=\"heading.default\">\n\t\t\t\t<div class=\"elementor-widget-container\">\n\t\t\t<style>\/*! elementor - v3.15.0 - 09-08-2023 *\/\n.elementor-heading-title{padding:0;margin:0;line-height:1}.elementor-widget-heading .elementor-heading-title[class*=elementor-size-]>a{color:inherit;font-size:inherit;line-height:inherit}.elementor-widget-heading .elementor-heading-title.elementor-size-small{font-size:15px}.elementor-widget-heading .elementor-heading-title.elementor-size-medium{font-size:19px}.elementor-widget-heading .elementor-heading-title.elementor-size-large{font-size:29px}.elementor-widget-heading .elementor-heading-title.elementor-size-xl{font-size:39px}.elementor-widget-heading .elementor-heading-title.elementor-size-xxl{font-size:59px}<\/style><h2 class=\"elementor-heading-title elementor-size-default\">Orphelinat d'Azowlisse<\/h2>\t\t<\/div>\n\t\t\t\t<\/div>\n\t\t\t\t\t<\/div>\n\t\t<\/div>\n\t\t\t\t\t\t\t<\/div>\n\t\t<\/section>\n\t\t\t\t<section class=\"elementor-section elementor-top-section elementor-element elementor-element-ed6afd3 elementor-section-boxed elementor-section-height-default elementor-section-height-default\" data-id=\"ed6afd3\" data-element_type=\"section\">\n\t\t\t\t\t\t<div class=\"elementor-container elementor-column-gap-default\">\n\t\t\t\t\t<div class=\"elementor-column elementor-col-100 elementor-top-column elementor-element elementor-element-ae556a2\" data-id=\"ae556a2\" data-element_type=\"column\">\n\t\t\t<div class=\"elementor-widget-wrap elementor-element-populated\">\n\t\t\t\t\t\t\t\t<div class=\"elementor-element elementor-element-19b4f1f elementor-widget elementor-widget-text-editor\" data-id=\"19b4f1f\" data-element_type=\"widget\" data-widget_type=\"text-editor.default\">\n\t\t\t\t<div class=\"elementor-widget-container\">\n\t\t\t<style>\/*! elementor - v3.15.0 - 09-08-2023 *\/\n.elementor-widget-text-editor.elementor-drop-cap-view-stacked .elementor-drop-cap{background-color:#69727d;color:#fff}.elementor-widget-text-editor.elementor-drop-cap-view-framed .elementor-drop-cap{color:#69727d;border:3px solid;background-color:transparent}.elementor-widget-text-editor:not(.elementor-drop-cap-view-default) .elementor-drop-cap{margin-top:8px}.elementor-widget-text-editor:not(.elementor-drop-cap-view-default) .elementor-drop-cap-letter{width:1em;height:1em}.elementor-widget-text-editor .elementor-drop-cap{float:left;text-align:center;line-height:1;font-size:50px}.elementor-widget-text-editor .elementor-drop-cap-letter{display:inline-block}<\/style>\t\t\t\t<p><!-- wp:paragraph --><\/p>\n<p>Bienvenue au Centre de R\u00e9cup\u00e9ration, d\u2019Education Nutritionnelle et Orphelinat Saint Dominique d\u2019Azowliss\u00e8,\u00a0 situ\u00e9 dans le quartier d&#8217;Ab\u00e9okouta dans l&#8217;arrondissement d&#8217;Azowlisse. Notre \u00e9tablissement accueille notamment des enfants de parents en situation de handicap mental. Nous accueillions actuellement sept enfants de 0 \u00e0 3 ans, huit de 3 \u00e0 8 ans et huit de 8 \u00e0 12 ans.\u00a0<\/p>\n<p>Notre objectif est de prendre en charge les frais de scolarit\u00e9 des enfants, ainsi que les frais scolaires qui en d\u00e9coulent tels que les uniformes et les fournitures scolaires. Nous prenons \u00e9galement en compte le lait maternel pour b\u00e9b\u00e9 , petit d\u00e9jeuner, d\u00e9jeuner pour les enfants qui ne mangent pas \u00e0 la cantine, go\u00fbter, et d\u00eener.\u00a0<\/p>\n<p>Le sujet de la sant\u00e9 est crucial, malheureusement nous manquons de mat\u00e9riel tel que des draps pour berceaux, des couches, des produits d&#8217;hygi\u00e8ne corporelle, des v\u00eatements ou encore des jouets. De plus, nous souffrons de carences dans le suivi des vaccinations et ne b\u00e9n\u00e9ficions d&#8217;aucune aide pour les frais m\u00e9dicaux, m\u00eame si au quotidien nous avons la chance de pouvoir compter sur l&#8217;association ATOKE. Nous b\u00e9n\u00e9ficions de quelques dons de particuliers, mais pas de mani\u00e8re r\u00e9guli\u00e8re.<\/p>\n<p>Afin d&#8217;entretenir nos locaux, nous avons des charges mensuelles englobant les factures d&#8217;\u00e9lectricit\u00e9, les salaires des r\u00e9p\u00e9titeurs scolaires, des encadrants et de l&#8217;assistante sociale.<\/p>\n<p>En ce qui concerne nos projets afin de gagner en ind\u00e9pendance, nous souhaitons b\u00e9n\u00e9ficier d&#8217;une assurance sant\u00e9 pour les enfants et les encadrants. Nous souhaiterions \u00e9galement pouvoir ouvrir une biblioth\u00e8que, des rampes pour les personnes en situation de handicap, des lampes panneaux solaires un poulailler, et une voiture pour emmener les enfants \u00e0 l&#8217;\u00e9cole.\u00a0<\/p>\n<p>Nous lan\u00e7ons donc un appel \u00e0 votre g\u00e9n\u00e9rosit\u00e9 et \u00e0 votre soutien pour nous aider \u00e0 am\u00e9liorer la vie de ces enfants. Toute contribution, qu&#8217;elle soit financi\u00e8re ou mat\u00e9rielle, fera une r\u00e9elle diff\u00e9rence dans leur vie. Ensemble, nous pouvons offrir \u00e0 ces enfants un meilleur avenir et leur donner la chance qu&#8217;ils m\u00e9ritent. Merci d&#8217;avance pour votre aide pr\u00e9cieuse !\u00a0<\/p>\n<p><!-- \/wp:paragraph --><\/p>\t\t\t\t\t\t<\/div>\n\t\t\t\t<\/div>\n\t\t\t\t\t<\/div>\n\t\t<\/div>\n\t\t\t\t\t\t\t<\/div>\n\t\t<\/section>\n\t\t\t\t\t\t\t<\/div>\n\t\t","protected":false},"excerpt":{"rendered":"<p>Orphelinat d&#8217;Azowlisse Bienvenue au Centre de R\u00e9cup\u00e9ration, d\u2019Education Nutritionnelle et Orphelinat Saint Dominique d\u2019Azowliss\u00e8,\u00a0 situ\u00e9 dans le quartier d&#8217;Ab\u00e9okouta dans l&#8217;arrondissement d&#8217;Azowlisse. Notre \u00e9tablissement accueille notamment des enfants de parents [&hellip;]<\/p>\n","protected":false},"author":2,"featured_media":0,"parent":0,"menu_order":0,"comment_status":"closed","ping_status":"closed","template":"","meta":{"content-type":"","footnotes":""},"class_list":["post-3886","page","type-page","status-publish","hentry"],"_links":{"self":[{"href":"https:\/\/seoed.org\/index.php\/wp-json\/wp\/v2\/pages\/3886","targetHints":{"allow":["GET"]}}],"collection":[{"href":"https:\/\/seoed.org\/index.php\/wp-json\/wp\/v2\/pages"}],"about":[{"href":"https:\/\/seoed.org\/index.php\/wp-json\/wp\/v2\/types\/page"}],"author":[{"embeddable":true,"href":"https:\/\/seoed.org\/index.php\/wp-json\/wp\/v2\/users\/2"}],"replies":[{"embeddable":true,"href":"https:\/\/seoed.org\/index.php\/wp-json\/wp\/v2\/comments?post=3886"}],"version-history":[{"count":3,"href":"https:\/\/seoed.org\/index.php\/wp-json\/wp\/v2\/pages\/3886\/revisions"}],"predecessor-version":[{"id":4998,"href":"https:\/\/seoed.org\/index.php\/wp-json\/wp\/v2\/pages\/3886\/revisions\/4998"}],"wp:attachment":[{"href":"https:\/\/seoed.org\/index.php\/wp-json\/wp\/v2\/media?parent=3886"}],"curies":[{"name":"wp","href":"https:\/\/api.w.org\/{rel}","templated":true}]}}