{"id":3873,"date":"2023-08-13T21:54:41","date_gmt":"2023-08-13T19:54:41","guid":{"rendered":"http:\/\/localhost\/KidsTheme\/?page_id=3873"},"modified":"2023-08-15T12:50:59","modified_gmt":"2023-08-15T10:50:59","slug":"orphelinat-bagou","status":"publish","type":"page","link":"https:\/\/seoed.org\/index.php\/orphelinat-bagou\/","title":{"rendered":"Orphelinat Bagou"},"content":{"rendered":"\t\t<div data-elementor-type=\"wp-page\" data-elementor-id=\"3873\" class=\"elementor elementor-3873\">\n\t\t\t\t\t\t\t\t\t<section class=\"elementor-section elementor-top-section elementor-element elementor-element-3b9241c elementor-section-boxed elementor-section-height-default elementor-section-height-default\" data-id=\"3b9241c\" data-element_type=\"section\">\n\t\t\t\t\t\t<div class=\"elementor-container elementor-column-gap-default\">\n\t\t\t\t\t<div class=\"elementor-column elementor-col-100 elementor-top-column elementor-element elementor-element-d88358b\" data-id=\"d88358b\" data-element_type=\"column\">\n\t\t\t<div class=\"elementor-widget-wrap elementor-element-populated\">\n\t\t\t\t\t\t\t\t<div class=\"elementor-element elementor-element-f259a02 elementor-widget elementor-widget-heading\" data-id=\"f259a02\" data-element_type=\"widget\" data-widget_type=\"heading.default\">\n\t\t\t\t<div class=\"elementor-widget-container\">\n\t\t\t<style>\/*! elementor - v3.15.0 - 09-08-2023 *\/\n.elementor-heading-title{padding:0;margin:0;line-height:1}.elementor-widget-heading .elementor-heading-title[class*=elementor-size-]>a{color:inherit;font-size:inherit;line-height:inherit}.elementor-widget-heading .elementor-heading-title.elementor-size-small{font-size:15px}.elementor-widget-heading .elementor-heading-title.elementor-size-medium{font-size:19px}.elementor-widget-heading .elementor-heading-title.elementor-size-large{font-size:29px}.elementor-widget-heading .elementor-heading-title.elementor-size-xl{font-size:39px}.elementor-widget-heading .elementor-heading-title.elementor-size-xxl{font-size:59px}<\/style><h2 class=\"elementor-heading-title elementor-size-default\">Orphelinat Bagou<\/h2>\t\t<\/div>\n\t\t\t\t<\/div>\n\t\t\t\t\t<\/div>\n\t\t<\/div>\n\t\t\t\t\t\t\t<\/div>\n\t\t<\/section>\n\t\t\t\t<section class=\"elementor-section elementor-top-section elementor-element elementor-element-95fe43d elementor-section-boxed elementor-section-height-default elementor-section-height-default\" data-id=\"95fe43d\" data-element_type=\"section\">\n\t\t\t\t\t\t<div class=\"elementor-container elementor-column-gap-default\">\n\t\t\t\t\t<div class=\"elementor-column elementor-col-100 elementor-top-column elementor-element elementor-element-c67963b\" data-id=\"c67963b\" data-element_type=\"column\">\n\t\t\t<div class=\"elementor-widget-wrap elementor-element-populated\">\n\t\t\t\t\t\t\t\t<div class=\"elementor-element elementor-element-cbc4333 elementor-widget elementor-widget-text-editor\" data-id=\"cbc4333\" data-element_type=\"widget\" data-widget_type=\"text-editor.default\">\n\t\t\t\t<div class=\"elementor-widget-container\">\n\t\t\t<style>\/*! elementor - v3.15.0 - 09-08-2023 *\/\n.elementor-widget-text-editor.elementor-drop-cap-view-stacked .elementor-drop-cap{background-color:#69727d;color:#fff}.elementor-widget-text-editor.elementor-drop-cap-view-framed .elementor-drop-cap{color:#69727d;border:3px solid;background-color:transparent}.elementor-widget-text-editor:not(.elementor-drop-cap-view-default) .elementor-drop-cap{margin-top:8px}.elementor-widget-text-editor:not(.elementor-drop-cap-view-default) .elementor-drop-cap-letter{width:1em;height:1em}.elementor-widget-text-editor .elementor-drop-cap{float:left;text-align:center;line-height:1;font-size:50px}.elementor-widget-text-editor .elementor-drop-cap-letter{display:inline-block}<\/style>\t\t\t\t<p><!-- wp:paragraph --><\/p>\n<p>Bienvenue \u00e0 l&#8217;orphelinat pouponni\u00e8re, du jeune enfant et de l\u2019adolescent, situ\u00e9 dans le quartier Yagbo dans l&#8217;arrondissement de Bagou. Notre \u00e9tablissement accueille actuellement une quinzaine d&#8217;enfants \u00e2g\u00e9s de 2 mois \u00e0 4 ans et une douzaine d&#8217;enfants \u00e2g\u00e9s de 12 ans \u00e0 16 ans.<\/p>\n<p><!-- \/wp:paragraph --><\/p>\n<p><!-- wp:paragraph --><\/p>\n<p>Notre objectif est de prendre en charge les frais de scolarit\u00e9 des enfants, ainsi que les frais scolaires qui en d\u00e9coulent tels que les uniformes et les fournitures scolaires. Nous prenons \u00e9galement en compte le lait maternel pour b\u00e9b\u00e9 , petit d\u00e9jeuner, d\u00e9jeuner pour les enfants qui ne mangent pas \u00e0 la cantine, go\u00fbter, et d\u00eener.<\/p>\n<p>Afin que chaque enfant en bas \u00e2ge ne manque de rien, nous avons besoin de nounous et d&#8217;encadrants scolaires, ainsi qu&#8217;une assistance sociale.\u00a0<span style=\"color: var( --e-global-color-text ); font-family: var( --e-global-typography-text-font-family ), Sans-serif; font-weight: var( --e-global-typography-text-font-weight );\">Le sujet de leur sant\u00e9 est crucial, malheureusement nous manquons de mat\u00e9riel tel que des draps pour berceaux, des couches, des serviettes p\u00e9riodiques pour les adolescentes, des v\u00eatements ou encore des jouets. De plus, nous souffrons de carences dans le suivi des vaccinations et ne b\u00e9n\u00e9ficions d&#8217;aucune aide pour les frais m\u00e9dicaux, m\u00eame si au quotidien n<\/span><span style=\"color: var( --e-global-color-text ); font-family: var( --e-global-typography-text-font-family ), Sans-serif; font-weight: var( --e-global-typography-text-font-weight );\">ous avons la chance de pouvoir compter sur les associations ALMEIMA et MERANO. Nous b\u00e9n\u00e9ficions de quelques dons de particuliers, ainsi que de quelques vivres fournis par le maire. Le dioc\u00e8se nous apporte \u00e9galement un soutien num\u00e9raire.<\/span><\/p>\n<p><!-- \/wp:paragraph --><\/p>\n<p><!-- wp:paragraph --><\/p>\n<p>Afin d&#8217;entretenir nos locaux, nous avons des charges mensuelles englobant les factures d&#8217;\u00e9lectricit\u00e9, ainsi que le traitement de l&#8217;eau de forage.<\/p>\n<p><!-- \/wp:paragraph --><\/p>\n<p><!-- wp:paragraph --><\/p>\n<p>En ce qui concerne nos projets, nous souhaitons faire de l&#8217;\u00e9levage de cabris et de poulets. Nous souhaiterions \u00e9galement pouvoir entretenir un potager. Pour les d\u00e9placements et les courses, nous essayons d&#8217;acqu\u00e9rir une moto. Nous avons \u00e9galement un projet associatif en cours pour l&#8217;\u00e9lectricit\u00e9, pour lequel nous essayons de fournir une participation d&#8217;un million CFA (1600\u20ac ).<\/p>\n<p><!-- \/wp:paragraph --><\/p>\n<p><!-- wp:paragraph --><\/p>\n<p>Nous lan\u00e7ons donc un appel \u00e0 votre g\u00e9n\u00e9rosit\u00e9 et \u00e0 votre soutien pour nous aider \u00e0 am\u00e9liorer la vie de ces enfants. Toute contribution, qu&#8217;elle soit financi\u00e8re ou mat\u00e9rielle, fera une r\u00e9elle diff\u00e9rence dans leur vie. Ensemble, nous pouvons offrir \u00e0 ces enfants un meilleur avenir et leur donner la chance qu&#8217;ils m\u00e9ritent. Merci d&#8217;avance pour votre aide pr\u00e9cieuse !\u00a0<\/p>\n<p><!-- \/wp:paragraph --><\/p>\t\t\t\t\t\t<\/div>\n\t\t\t\t<\/div>\n\t\t\t\t\t<\/div>\n\t\t<\/div>\n\t\t\t\t\t\t\t<\/div>\n\t\t<\/section>\n\t\t\t\t\t\t\t<\/div>\n\t\t","protected":false},"excerpt":{"rendered":"<p>Orphelinat Bagou Bienvenue \u00e0 l&#8217;orphelinat pouponni\u00e8re, du jeune enfant et de l\u2019adolescent, situ\u00e9 dans le quartier Yagbo dans l&#8217;arrondissement de Bagou. Notre \u00e9tablissement accueille actuellement une quinzaine d&#8217;enfants \u00e2g\u00e9s de [&hellip;]<\/p>\n","protected":false},"author":2,"featured_media":0,"parent":0,"menu_order":0,"comment_status":"closed","ping_status":"closed","template":"","meta":{"content-type":"","footnotes":""},"class_list":["post-3873","page","type-page","status-publish","hentry"],"_links":{"self":[{"href":"https:\/\/seoed.org\/index.php\/wp-json\/wp\/v2\/pages\/3873","targetHints":{"allow":["GET"]}}],"collection":[{"href":"https:\/\/seoed.org\/index.php\/wp-json\/wp\/v2\/pages"}],"about":[{"href":"https:\/\/seoed.org\/index.php\/wp-json\/wp\/v2\/types\/page"}],"author":[{"embeddable":true,"href":"https:\/\/seoed.org\/index.php\/wp-json\/wp\/v2\/users\/2"}],"replies":[{"embeddable":true,"href":"https:\/\/seoed.org\/index.php\/wp-json\/wp\/v2\/comments?post=3873"}],"version-history":[{"count":12,"href":"https:\/\/seoed.org\/index.php\/wp-json\/wp\/v2\/pages\/3873\/revisions"}],"predecessor-version":[{"id":4995,"href":"https:\/\/seoed.org\/index.php\/wp-json\/wp\/v2\/pages\/3873\/revisions\/4995"}],"wp:attachment":[{"href":"https:\/\/seoed.org\/index.php\/wp-json\/wp\/v2\/media?parent=3873"}],"curies":[{"name":"wp","href":"https:\/\/api.w.org\/{rel}","templated":true}]}}

<div data-elementor-type="wp-page" data-elementor-id="3873" class="elementor elementor-3873">
									<section class="elementor-section elementor-top-section elementor-element elementor-element-3b9241c elementor-section-boxed elementor-section-height-default elementor-section-height-default" data-id="3b9241c" data-element_type="section">
						<div class="elementor-container elementor-column-gap-default">
					<div class="elementor-column elementor-col-100 elementor-top-column elementor-element elementor-element-d88358b" data-id="d88358b" data-element_type="column">
			<div class="elementor-widget-wrap elementor-element-populated">
								<div class="elementor-element elementor-element-f259a02 elementor-widget elementor-widget-heading" data-id="f259a02" data-element_type="widget" data-widget_type="heading.default">
				<div class="elementor-widget-container">
			<style>/*! elementor - v3.15.0 - 09-08-2023 */
.elementor-heading-title{padding:0;margin:0;line-height:1}.elementor-widget-heading .elementor-heading-title[class*=elementor-size-]>a{color:inherit;font-size:inherit;line-height:inherit}.elementor-widget-heading .elementor-heading-title.elementor-size-small{font-size:15px}.elementor-widget-heading .elementor-heading-title.elementor-size-medium{font-size:19px}.elementor-widget-heading .elementor-heading-title.elementor-size-large{font-size:29px}.elementor-widget-heading .elementor-heading-title.elementor-size-xl{font-size:39px}.elementor-widget-heading .elementor-heading-title.elementor-size-xxl{font-size:59px}</style><h2 class="elementor-heading-title elementor-size-default">Orphelinat Bagou</h2>		</div>
				</div>
					</div>
		</div>
							</div>
		</section>
				<section class="elementor-section elementor-top-section elementor-element elementor-element-95fe43d elementor-section-boxed elementor-section-height-default elementor-section-height-default" data-id="95fe43d" data-element_type="section">
						<div class="elementor-container elementor-column-gap-default">
					<div class="elementor-column elementor-col-100 elementor-top-column elementor-element elementor-element-c67963b" data-id="c67963b" data-element_type="column">
			<div class="elementor-widget-wrap elementor-element-populated">
								<div class="elementor-element elementor-element-cbc4333 elementor-widget elementor-widget-text-editor" data-id="cbc4333" data-element_type="widget" data-widget_type="text-editor.default">
				<div class="elementor-widget-container">
			<style>/*! elementor - v3.15.0 - 09-08-2023 */
.elementor-widget-text-editor.elementor-drop-cap-view-stacked .elementor-drop-cap{background-color:#69727d;color:#fff}.elementor-widget-text-editor.elementor-drop-cap-view-framed .elementor-drop-cap{color:#69727d;border:3px solid;background-color:transparent}.elementor-widget-text-editor:not(.elementor-drop-cap-view-default) .elementor-drop-cap{margin-top:8px}.elementor-widget-text-editor:not(.elementor-drop-cap-view-default) .elementor-drop-cap-letter{width:1em;height:1em}.elementor-widget-text-editor .elementor-drop-cap{float:left;text-align:center;line-height:1;font-size:50px}.elementor-widget-text-editor .elementor-drop-cap-letter{display:inline-block}</style>				<p><!-- wp:paragraph --></p>
<p>Bienvenue à l&#8217;orphelinat pouponnière, du jeune enfant et de l’adolescent, situé dans le quartier Yagbo dans l&#8217;arrondissement de Bagou. Notre établissement accueille actuellement une quinzaine d&#8217;enfants âgés de 2 mois à 4 ans et une douzaine d&#8217;enfants âgés de 12 ans à 16 ans.</p>
<p><!-- /wp:paragraph --></p>
<p><!-- wp:paragraph --></p>
<p>Notre objectif est de prendre en charge les frais de scolarité des enfants, ainsi que les frais scolaires qui en découlent tels que les uniformes et les fournitures scolaires. Nous prenons également en compte le lait maternel pour bébé , petit déjeuner, déjeuner pour les enfants qui ne mangent pas à la cantine, goûter, et dîner.</p>
<p>Afin que chaque enfant en bas âge ne manque de rien, nous avons besoin de nounous et d&#8217;encadrants scolaires, ainsi qu&#8217;une assistance sociale. <span style="color: var( --e-global-color-text ); font-family: var( --e-global-typography-text-font-family ), Sans-serif; font-weight: var( --e-global-typography-text-font-weight );">Le sujet de leur santé est crucial, malheureusement nous manquons de matériel tel que des draps pour berceaux, des couches, des serviettes périodiques pour les adolescentes, des vêtements ou encore des jouets. De plus, nous souffrons de carences dans le suivi des vaccinations et ne bénéficions d&#8217;aucune aide pour les frais médicaux, même si au quotidien n</span><span style="color: var( --e-global-color-text ); font-family: var( --e-global-typography-text-font-family ), Sans-serif; font-weight: var( --e-global-typography-text-font-weight );">ous avons la chance de pouvoir compter sur les associations ALMEIMA et MERANO. Nous bénéficions de quelques dons de particuliers, ainsi que de quelques vivres fournis par le maire. Le diocèse nous apporte également un soutien numéraire.</span></p>
<p><!-- /wp:paragraph --></p>
<p><!-- wp:paragraph --></p>
<p>Afin d&#8217;entretenir nos locaux, nous avons des charges mensuelles englobant les factures d&#8217;électricité, ainsi que le traitement de l&#8217;eau de forage.</p>
<p><!-- /wp:paragraph --></p>
<p><!-- wp:paragraph --></p>
<p>En ce qui concerne nos projets, nous souhaitons faire de l&#8217;élevage de cabris et de poulets. Nous souhaiterions également pouvoir entretenir un potager. Pour les déplacements et les courses, nous essayons d&#8217;acquérir une moto. Nous avons également un projet associatif en cours pour l&#8217;électricité, pour lequel nous essayons de fournir une participation d&#8217;un million CFA (1600€ ).</p>
<p><!-- /wp:paragraph --></p>
<p><!-- wp:paragraph --></p>
<p>Nous lançons donc un appel à votre générosité et à votre soutien pour nous aider à améliorer la vie de ces enfants. Toute contribution, qu&#8217;elle soit financière ou matérielle, fera une réelle différence dans leur vie. Ensemble, nous pouvons offrir à ces enfants un meilleur avenir et leur donner la chance qu&#8217;ils méritent. Merci d&#8217;avance pour votre aide précieuse ! </p>
<p><!-- /wp:paragraph --></p>						</div>
				</div>
					</div>
		</div>
							</div>
		</section>
							</div>

<p>Orphelinat Bagou Bienvenue à l&#8217;orphelinat pouponnière, du jeune enfant et de l’adolescent, situé dans le quartier Yagbo dans l&#8217;arrondissement de Bagou. Notre établissement accueille actuellement une quinzaine d&#8217;enfants âgés de [&hellip;]</p>
