{"id":3831,"date":"2023-08-13T21:20:49","date_gmt":"2023-08-13T19:20:49","guid":{"rendered":"http:\/\/localhost\/KidsTheme\/?page_id=3831"},"modified":"2025-11-15T22:54:08","modified_gmt":"2025-11-15T21:54:08","slug":"journee-olympique","status":"publish","type":"page","link":"https:\/\/seoed.org\/index.php\/journee-olympique\/","title":{"rendered":"JSOEV"},"content":{"rendered":"\t\t<div data-elementor-type=\"wp-page\" data-elementor-id=\"3831\" class=\"elementor elementor-3831\">\n\t\t\t\t\t\t\t\t\t<section class=\"elementor-section elementor-top-section elementor-element elementor-element-0629aaa elementor-section-boxed elementor-section-height-default elementor-section-height-default\" data-id=\"0629aaa\" data-element_type=\"section\">\n\t\t\t\t\t\t<div class=\"elementor-container elementor-column-gap-default\">\n\t\t\t\t\t<div class=\"elementor-column elementor-col-100 elementor-top-column elementor-element elementor-element-d0f1a3b\" data-id=\"d0f1a3b\" data-element_type=\"column\">\n\t\t\t<div class=\"elementor-widget-wrap elementor-element-populated\">\n\t\t\t\t\t\t\t\t<div class=\"elementor-element elementor-element-d766f5f elementor-widget elementor-widget-heading\" data-id=\"d766f5f\" data-element_type=\"widget\" data-widget_type=\"heading.default\">\n\t\t\t\t<div class=\"elementor-widget-container\">\n\t\t\t<style>\/*! elementor - v3.15.0 - 09-08-2023 *\/\n.elementor-heading-title{padding:0;margin:0;line-height:1}.elementor-widget-heading .elementor-heading-title[class*=elementor-size-]>a{color:inherit;font-size:inherit;line-height:inherit}.elementor-widget-heading .elementor-heading-title.elementor-size-small{font-size:15px}.elementor-widget-heading .elementor-heading-title.elementor-size-medium{font-size:19px}.elementor-widget-heading .elementor-heading-title.elementor-size-large{font-size:29px}.elementor-widget-heading .elementor-heading-title.elementor-size-xl{font-size:39px}.elementor-widget-heading .elementor-heading-title.elementor-size-xxl{font-size:59px}<\/style><h2 class=\"elementor-heading-title elementor-size-default\">Journ\u00e9e Solidarit\u00e9 aux Orphelins et aux Enfants Vuln\u00e9rables<\/h2>\t\t<\/div>\n\t\t\t\t<\/div>\n\t\t\t\t\t<\/div>\n\t\t<\/div>\n\t\t\t\t\t\t\t<\/div>\n\t\t<\/section>\n\t\t\t\t<section class=\"elementor-section elementor-top-section elementor-element elementor-element-7235680 elementor-section-boxed elementor-section-height-default elementor-section-height-default\" data-id=\"7235680\" data-element_type=\"section\">\n\t\t\t\t\t\t<div class=\"elementor-container elementor-column-gap-default\">\n\t\t\t\t\t<div class=\"elementor-column elementor-col-100 elementor-top-column elementor-element elementor-element-2a0b2de\" data-id=\"2a0b2de\" data-element_type=\"column\">\n\t\t\t<div class=\"elementor-widget-wrap elementor-element-populated\">\n\t\t\t\t\t\t\t\t<div class=\"elementor-element elementor-element-ae16f34 elementor-widget elementor-widget-heading\" data-id=\"ae16f34\" data-element_type=\"widget\" data-widget_type=\"heading.default\">\n\t\t\t\t<div class=\"elementor-widget-container\">\n\t\t\t<h4 class=\"elementor-heading-title elementor-size-default\">**\u00c9clairer les Journ\u00e9es de l'Espoir**<\/h4>\t\t<\/div>\n\t\t\t\t<\/div>\n\t\t\t\t\t<\/div>\n\t\t<\/div>\n\t\t\t\t\t\t\t<\/div>\n\t\t<\/section>\n\t\t\t\t<section class=\"elementor-section elementor-top-section elementor-element elementor-element-77b0938 elementor-section-boxed elementor-section-height-default elementor-section-height-default\" data-id=\"77b0938\" data-element_type=\"section\">\n\t\t\t\t\t\t<div class=\"elementor-container elementor-column-gap-default\">\n\t\t\t\t\t<div class=\"elementor-column elementor-col-100 elementor-top-column elementor-element elementor-element-83e9c4d\" data-id=\"83e9c4d\" data-element_type=\"column\">\n\t\t\t<div class=\"elementor-widget-wrap elementor-element-populated\">\n\t\t\t\t\t\t\t\t<div class=\"elementor-element elementor-element-37ef344 elementor-widget elementor-widget-text-editor\" data-id=\"37ef344\" data-element_type=\"widget\" data-widget_type=\"text-editor.default\">\n\t\t\t\t<div class=\"elementor-widget-container\">\n\t\t\t<style>\/*! elementor - v3.15.0 - 09-08-2023 *\/\n.elementor-widget-text-editor.elementor-drop-cap-view-stacked .elementor-drop-cap{background-color:#69727d;color:#fff}.elementor-widget-text-editor.elementor-drop-cap-view-framed .elementor-drop-cap{color:#69727d;border:3px solid;background-color:transparent}.elementor-widget-text-editor:not(.elementor-drop-cap-view-default) .elementor-drop-cap{margin-top:8px}.elementor-widget-text-editor:not(.elementor-drop-cap-view-default) .elementor-drop-cap-letter{width:1em;height:1em}.elementor-widget-text-editor .elementor-drop-cap{float:left;text-align:center;line-height:1;font-size:50px}.elementor-widget-text-editor .elementor-drop-cap-letter{display:inline-block}<\/style>\t\t\t\t<p data-start=\"308\" data-end=\"618\">La <strong data-start=\"311\" data-end=\"390\">JSOEV (Journ\u00e9e Solidarit\u00e9 aux Orphelins et Enfants Vuln\u00e9rables)<\/strong> est une initiative\u00a0en collaboration avec diff\u00e9rents partenaires nationaux et internationaux engag\u00e9s pour le bien-\u00eatre de l\u2019enfant.<\/p><p data-start=\"620\" data-end=\"887\">Cette journ\u00e9e sp\u00e9ciale a pour objectif d\u2019offrir aux orphelins et enfants vuln\u00e9rables une <strong data-start=\"709\" data-end=\"780\">exp\u00e9rience sportive, artistique et \u00e9ducative<\/strong>, tout en favorisant leur int\u00e9gration, leur confiance en eux et leur sentiment d\u2019appartenance \u00e0 la soci\u00e9t\u00e9.<\/p><p data-start=\"889\" data-end=\"1214\">L&#8217;objectif serait d&#8217;en organiser une chaque ann\u00e9e dans une ville diff\u00e9rente ou sous des formats \u00e9volutifs. La JSOEV r\u00e9unit des enfants provenant de plusieurs centres d\u2019accueil \u00e0 travers le pays, ainsi que des associations, \u00e9ducateurs, b\u00e9n\u00e9voles, artistes, sportifs, encadreurs, institutions et personnalit\u00e9s publiques.<br data-start=\"1180\" data-end=\"1183\" \/>L\u2019\u00e9v\u00e8nement s\u2019articule autour :<\/p><ul><li data-start=\"1218\" data-end=\"1272\"><strong data-start=\"1218\" data-end=\"1272\">d\u2019activit\u00e9s sportives inclusives et participatives<\/strong><\/li><li data-start=\"1275\" data-end=\"1338\"><strong data-start=\"1275\" data-end=\"1338\">d\u2019animations culturelles valorisant les talents des enfants<\/strong><\/li><li data-start=\"1341\" data-end=\"1386\"><strong data-start=\"1341\" data-end=\"1386\">de partages, d\u2019\u00e9changes et de d\u00e9couvertes<\/strong><\/li><li data-start=\"1387\" data-end=\"1444\"><p data-start=\"1389\" data-end=\"1444\"><strong data-start=\"1389\" data-end=\"1444\">de rencontres inspirantes avec des mod\u00e8les positifs<\/strong><\/p><\/li><\/ul><p data-start=\"1446\" data-end=\"1781\">Au fil des \u00e9ditions, la JSOEV se veut une plateforme d\u2019expression, de joie, d\u2019apprentissage et de motivation personnelle pour chaque enfant. L\u2019\u00e9v\u00e8nement ambitionne de devenir une r\u00e9f\u00e9rence nationale en termes de soutien psychosocial, de divertissement \u00e9ducatif et de valorisation des capacit\u00e9s des jeunes en situation de vuln\u00e9rabilit\u00e9.<\/p>\t\t\t\t\t\t<\/div>\n\t\t\t\t<\/div>\n\t\t\t\t\t<\/div>\n\t\t<\/div>\n\t\t\t\t\t\t\t<\/div>\n\t\t<\/section>\n\t\t\t\t<section class=\"elementor-section elementor-top-section elementor-element elementor-element-23026cb elementor-section-boxed elementor-section-height-default elementor-section-height-default\" data-id=\"23026cb\" data-element_type=\"section\">\n\t\t\t\t\t\t<div class=\"elementor-container elementor-column-gap-default\">\n\t\t\t\t\t<div class=\"elementor-column elementor-col-50 elementor-top-column elementor-element elementor-element-d842296\" data-id=\"d842296\" data-element_type=\"column\">\n\t\t\t<div class=\"elementor-widget-wrap elementor-element-populated\">\n\t\t\t\t\t\t\t\t<div class=\"elementor-element elementor-element-1a9803d elementor-widget elementor-widget-image\" data-id=\"1a9803d\" data-element_type=\"widget\" data-widget_type=\"image.default\">\n\t\t\t\t<div class=\"elementor-widget-container\">\n\t\t\t<style>\/*! elementor - v3.15.0 - 09-08-2023 *\/\n.elementor-widget-image{text-align:center}.elementor-widget-image a{display:inline-block}.elementor-widget-image a img[src$=\".svg\"]{width:48px}.elementor-widget-image img{vertical-align:middle;display:inline-block}<\/style>\t\t\t\t\t\t\t\t\t\t\t\t<img loading=\"lazy\" decoding=\"async\" width=\"718\" height=\"718\" src=\"https:\/\/seoed.org\/wp-content\/uploads\/2023\/08\/367414969_631949439043806_3255818969632617571_n.jpg\" class=\"attachment-large size-large wp-image-4863\" alt=\"\" srcset=\"https:\/\/seoed.org\/wp-content\/uploads\/2023\/08\/367414969_631949439043806_3255818969632617571_n.jpg 718w, https:\/\/seoed.org\/wp-content\/uploads\/2023\/08\/367414969_631949439043806_3255818969632617571_n-640x640.jpg 640w, https:\/\/seoed.org\/wp-content\/uploads\/2023\/08\/367414969_631949439043806_3255818969632617571_n-160x160.jpg 160w, https:\/\/seoed.org\/wp-content\/uploads\/2023\/08\/367414969_631949439043806_3255818969632617571_n-320x320.jpg 320w\" sizes=\"auto, (max-width: 718px) 100vw, 718px\" \/>\t\t\t\t\t\t\t\t\t\t\t\t\t\t\t<\/div>\n\t\t\t\t<\/div>\n\t\t\t\t\t<\/div>\n\t\t<\/div>\n\t\t\t\t<div class=\"elementor-column elementor-col-50 elementor-top-column elementor-element elementor-element-d8fe872\" data-id=\"d8fe872\" data-element_type=\"column\">\n\t\t\t<div class=\"elementor-widget-wrap elementor-element-populated\">\n\t\t\t\t\t\t\t\t<div class=\"elementor-element elementor-element-7aaed7b elementor-widget elementor-widget-image\" data-id=\"7aaed7b\" data-element_type=\"widget\" data-widget_type=\"image.default\">\n\t\t\t\t<div class=\"elementor-widget-container\">\n\t\t\t\t\t\t\t\t\t\t\t\t\t\t\t<img loading=\"lazy\" decoding=\"async\" width=\"720\" height=\"716\" src=\"https:\/\/seoed.org\/wp-content\/uploads\/2023\/08\/367410994_316955440731544_4041341917035049115_n.jpg\" class=\"attachment-large size-large wp-image-4862\" alt=\"\" srcset=\"https:\/\/seoed.org\/wp-content\/uploads\/2023\/08\/367410994_316955440731544_4041341917035049115_n.jpg 720w, https:\/\/seoed.org\/wp-content\/uploads\/2023\/08\/367410994_316955440731544_4041341917035049115_n-640x636.jpg 640w, https:\/\/seoed.org\/wp-content\/uploads\/2023\/08\/367410994_316955440731544_4041341917035049115_n-160x160.jpg 160w, https:\/\/seoed.org\/wp-content\/uploads\/2023\/08\/367410994_316955440731544_4041341917035049115_n-320x318.jpg 320w\" sizes=\"auto, (max-width: 720px) 100vw, 720px\" \/>\t\t\t\t\t\t\t\t\t\t\t\t\t\t\t<\/div>\n\t\t\t\t<\/div>\n\t\t\t\t\t<\/div>\n\t\t<\/div>\n\t\t\t\t\t\t\t<\/div>\n\t\t<\/section>\n\t\t\t\t<section class=\"elementor-section elementor-top-section elementor-element elementor-element-fce0354 elementor-section-boxed elementor-section-height-default elementor-section-height-default\" data-id=\"fce0354\" data-element_type=\"section\">\n\t\t\t\t\t\t<div class=\"elementor-container elementor-column-gap-default\">\n\t\t\t\t\t<div class=\"elementor-column elementor-col-100 elementor-top-column elementor-element elementor-element-4fb7a33\" data-id=\"4fb7a33\" data-element_type=\"column\">\n\t\t\t<div class=\"elementor-widget-wrap elementor-element-populated\">\n\t\t\t\t\t\t\t\t<div class=\"elementor-element elementor-element-d984ffa elementor-widget elementor-widget-spacer\" data-id=\"d984ffa\" data-element_type=\"widget\" data-widget_type=\"spacer.default\">\n\t\t\t\t<div class=\"elementor-widget-container\">\n\t\t\t<style>\/*! elementor - v3.15.0 - 09-08-2023 *\/\n.elementor-column .elementor-spacer-inner{height:var(--spacer-size)}.e-con{--container-widget-width:100%}.e-con-inner>.elementor-widget-spacer,.e-con>.elementor-widget-spacer{width:var(--container-widget-width,var(--spacer-size));--align-self:var(--container-widget-align-self,initial);--flex-shrink:0}.e-con-inner>.elementor-widget-spacer>.elementor-widget-container,.e-con-inner>.elementor-widget-spacer>.elementor-widget-container>.elementor-spacer,.e-con>.elementor-widget-spacer>.elementor-widget-container,.e-con>.elementor-widget-spacer>.elementor-widget-container>.elementor-spacer{height:100%}.e-con-inner>.elementor-widget-spacer>.elementor-widget-container>.elementor-spacer>.elementor-spacer-inner,.e-con>.elementor-widget-spacer>.elementor-widget-container>.elementor-spacer>.elementor-spacer-inner{height:var(--container-widget-height,var(--spacer-size))}<\/style>\t\t<div class=\"elementor-spacer\">\n\t\t\t<div class=\"elementor-spacer-inner\"><\/div>\n\t\t<\/div>\n\t\t\t\t<\/div>\n\t\t\t\t<\/div>\n\t\t\t\t\t<\/div>\n\t\t<\/div>\n\t\t\t\t\t\t\t<\/div>\n\t\t<\/section>\n\t\t\t\t\t\t\t<\/div>\n\t\t","protected":false},"excerpt":{"rendered":"<p>Journ\u00e9e Solidarit\u00e9 aux Orphelins et aux Enfants Vuln\u00e9rables **\u00c9clairer les Journ\u00e9es de l&#8217;Espoir** La JSOEV (Journ\u00e9e Solidarit\u00e9 aux Orphelins et Enfants Vuln\u00e9rables) est une initiative\u00a0en collaboration avec diff\u00e9rents partenaires nationaux [&hellip;]<\/p>\n","protected":false},"author":2,"featured_media":0,"parent":0,"menu_order":0,"comment_status":"closed","ping_status":"closed","template":"","meta":{"content-type":"","footnotes":""},"class_list":["post-3831","page","type-page","status-publish","hentry"],"_links":{"self":[{"href":"https:\/\/seoed.org\/index.php\/wp-json\/wp\/v2\/pages\/3831","targetHints":{"allow":["GET"]}}],"collection":[{"href":"https:\/\/seoed.org\/index.php\/wp-json\/wp\/v2\/pages"}],"about":[{"href":"https:\/\/seoed.org\/index.php\/wp-json\/wp\/v2\/types\/page"}],"author":[{"embeddable":true,"href":"https:\/\/seoed.org\/index.php\/wp-json\/wp\/v2\/users\/2"}],"replies":[{"embeddable":true,"href":"https:\/\/seoed.org\/index.php\/wp-json\/wp\/v2\/comments?post=3831"}],"version-history":[{"count":28,"href":"https:\/\/seoed.org\/index.php\/wp-json\/wp\/v2\/pages\/3831\/revisions"}],"predecessor-version":[{"id":5096,"href":"https:\/\/seoed.org\/index.php\/wp-json\/wp\/v2\/pages\/3831\/revisions\/5096"}],"wp:attachment":[{"href":"https:\/\/seoed.org\/index.php\/wp-json\/wp\/v2\/media?parent=3831"}],"curies":[{"name":"wp","href":"https:\/\/api.w.org\/{rel}","templated":true}]}}